CRAN Package Check Results for Package exuber

Last updated on 2021-10-23 05:02:33 CEST.

Flavor Version Tinstall Tcheck Ttotal Status Flags
r-devel-linux-x86_64-debian-clang 0.4.2 35.99 162.97 198.96 NOTE
r-devel-linux-x86_64-debian-gcc 0.4.2 28.38 123.71 152.09 NOTE
r-devel-linux-x86_64-fedora-clang 0.4.2 256.73 NOTE
r-devel-linux-x86_64-fedora-gcc 0.4.2 244.26 NOTE
r-devel-windows-x86_64 0.4.2 54.00 210.00 264.00 NOTE
r-devel-windows-x86_64-gcc10-UCRT 0.4.2 NOTE
r-patched-linux-x86_64 0.4.2 39.98 160.84 200.82 NOTE
r-patched-solaris-x86 0.4.2 233.00 NOTE
r-release-linux-x86_64 0.4.2 28.56 163.47 192.03 NOTE
r-release-macos-arm64 0.4.2 NOTE
r-release-macos-x86_64 0.4.2 NOTE
r-release-windows-ix86+x86_64 0.4.2 78.00 284.00 362.00 WARN
r-oldrel-macos-x86_64 0.4.2 NOTE
r-oldrel-windows-ix86+x86_64 0.4.2 96.00 292.00 388.00 NOTE

Check Details

Version: 0.4.2
Check: package dependencies
Result: NOTE
    Package suggested but not available for checking: 'exuberdata'
Flavors: r-devel-linux-x86_64-debian-clang, r-devel-linux-x86_64-debian-gcc, r-devel-linux-x86_64-fedora-clang, r-devel-linux-x86_64-fedora-gcc, r-devel-windows-x86_64, r-devel-windows-x86_64-gcc10-UCRT, r-patched-linux-x86_64, r-patched-solaris-x86, r-release-linux-x86_64, r-release-macos-arm64, r-release-macos-x86_64, r-release-windows-ix86+x86_64, r-oldrel-macos-x86_64, r-oldrel-windows-ix86+x86_64

Version: 0.4.2
Check: PDF version of manual
Result: WARN
    LaTeX errors when creating PDF version.
    This typically indicates Rd problems.
    LaTeX errors found:
    ! Argument of \UTFviii@three@octets has an extra }.
    <inserted text>
     \par
    l.15 ...mon Spavound; Enrique Martínez-García}}}{}
     \begin{description}
    ! Paragraph ended before \UTFviii@three@octets was complete.
    <to be read again>
     \par
    l.15 ...mon Spavound; Enrique Martínez-García}}}{}
     \begin{description}
    ! Paragraph ended before \def was complete.
    <to be read again>
     \par
    l.15 ...mon Spavound; Enrique Martínez-García}}}{}
     \begin{description}
    ! Paragraph ended before \def was complete.
    <to be read again>
     \par
    l.15 ...mon Spavound; Enrique Martínez-García}}}{}
     \begin{description}
    ! Paragraph ended before \def was complete.
    <to be read again>
     \par
    l.15 ...mon Spavound; Enrique Martínez-García}}}{}
     \begin{description}
    ! Paragraph ended before \def was complete.
    <to be read again>
     \par
    l.15 ...mon Spavound; Enrique Martínez-García}}}{}
     \begin{description}
    ! Paragraph ended before \def was complete.
    <to be read again>
     \par
    l.15 ...mon Spavound; Enrique Martínez-García}}}{}
     \begin{description}
    ! Paragraph ended before \def was complete.
    <to be read again>
     \par
    l.15 ...mon Spavound; Enrique Martínez-García}}}{}
     \begin{description}
    ! Paragraph ended before \def was complete.
    <to be read again>
     \par
    l.15 ...mon Spavound; Enrique Martínez-García}}}{}
     \begin{description}
    ! Paragraph ended before \def was complete.
    <to be read again>
     \par
    l.15 ...mon Spavound; Enrique Martínez-García}}}{}
     \begin{description}
    ! Paragraph ended before \def was complete.
    <to be read again>
     \par
    l.15 ...mon Spavound; Enrique Martínez-García}}}{}
     \begin{description}
    ! Paragraph ended before \def was complete.
    <to be read again>
     \par
    l.15 ...mon Spavound; Enrique Martínez-García}}}{}
     \begin{description}
    ! Paragraph ended before \def was complete.
    <to be read again>
     \par
    l.15 ...mon Spavound; Enrique Martínez-García}}}{}
     \begin{description}
    ! Paragraph ended before \def was complete.
    <to be read again>
     \par
    l.15 ...mon Spavound; Enrique Martínez-García}}}{}
     \begin{description}
    ! Paragraph ended before \def was complete.
    <to be read again>
     \par
    l.15 ...mon Spavound; Enrique Martínez-García}}}{}
     \begin{description}
    ! Paragraph ended before \def was complete.
    <to be read again>
     \par
    l.15 ...mon Spavound; Enrique Martínez-García}}}{}
     \begin{description}
    ! Paragraph ended before \def was complete.
    <to be read again>
     \par
    l.15 ...mon Spavound; Enrique Martínez-García}}}{}
     \begin{description}
    ! Paragraph ended before \def was complete.
    <to be read again>
     \par
    l.15 ...mon Spavound; Enrique Martínez-García}}}{}
     \begin{description}
    ! Paragraph ended before \def was complete.
    <to be read again>
     \par
    l.15 ...mon Spavound; Enrique Martínez-García}}}{}
     \begin{description}
    ! Paragraph ended before \def was complete.
    <to be read again>
     \par
    l.15 ...mon Spavound; Enrique Martínez-García}}}{}
     \begin{description}
    ! Paragraph ended before \def was complete.
    <to be read again>
     \par
    l.15 ...mon Spavound; Enrique Martínez-García}}}{}
     \begin{description}
    ! Paragraph ended before \def was complete.
    <to be read again>
     \par
    l.15 ...mon Spavound; Enrique Martínez-García}}}{}
     \begin{description}
    ! Paragraph ended before \def was complete.
    <to be read again>
     \par
    l.15 ...mon Spavound; Enrique Martínez-García}}}{}
     \begin{description}
    ! Paragraph ended before \def was complete.
    <to be read again>
     \par
    l.15 ...mon Spavound; Enrique Martínez-García}}}{}
     \begin{description}
    ! Paragraph ended before \def was complete.
    <to be read again>
     \par
    l.15 ...mon Spavound; Enrique Martínez-García}}}{}
     \begin{description}
    ! Paragraph ended before \def was complete.
    <to be read again>
     \par
    l.15 ...mon Spavound; Enrique Martínez-García}}}{}
     \begin{description}
    ! Paragraph ended before \def was complete.
    <to be read again>
     \par
    l.15 ...mon Spavound; Enrique Martínez-García}}}{}
     \begin{description}
    ! Paragraph ended before \def was complete.
    <to be read again>
     \par
    l.15 ...mon Spavound; Enrique Martínez-García}}}{}
     \begin{description}
    ! Paragraph ended before \def was complete.
    <to be read again>
     \par
    l.15 ...mon Spavound; Enrique Martínez-García}}}{}
     \begin{description}
    ! Paragraph ended before \def was complete.
    <to be read again>
     \par
    l.15 ...mon Spavound; Enrique Martínez-García}}}{}
     \begin{description}
    ! Paragraph ended before \def was complete.
    <to be read again>
     \par
    l.15 ...mon Spavound; Enrique Martínez-García}}}{}
     \begin{description}
    ! Paragraph ended before \def was complete.
    <to be read again>
     \par
    l.15 ...mon Spavound; Enrique Martínez-García}}}{}
     \begin{description}
    ! Paragraph ended before \def was complete.
    <to be read again>
     \par
    l.15 ...mon Spavound; Enrique Martínez-García}}}{}
     \begin{description}
    ! Paragraph ended before \def was complete.
    <to be read again>
     \par
    l.15 ...mon Spavound; Enrique Martínez-García}}}{}
     \begin{description}
    ! Paragraph ended before \def was complete.
    <to be read again>
     \par
    l.15 ...mon Spavound; Enrique Martínez-García}}}{}
     \begin{description}
    ! Paragraph ended before \def was complete.
    <to be read again>
     \par
    l.15 ...mon Spavound; Enrique Martínez-García}}}{}
     \begin{description}
    ! Paragraph ended before \def was complete.
    <to be read again>
     \par
    l.15 ...mon Spavound; Enrique Martínez-García}}}{}
     \begin{description}
    ! Paragraph ended before \def was complete.
    <to be read again>
     \par
    l.15 ...mon Spavound; Enrique Martínez-García}}}{}
     \begin{description}
    ! Paragraph ended before \def was complete.
    <to be read again>
     \par
    l.15 ...mon Spavound; Enrique Martínez-García}}}{}
     \begin{description}
    ! Paragraph ended before \def was complete.
    <to be read again>
     \par
    l.15 ...mon Spavound; Enrique Martínez-García}}}{}
     \begin{description}
    ! Paragraph ended before \def was complete.
    <to be read again>
     \par
    l.15 ...mon Spavound; Enrique Martínez-García}}}{}
     \begin{description}
    ! Paragraph ended before \def was complete.
    <to be read again>
     \par
    l.15 ...mon Spavound; Enrique Martínez-García}}}{}
     \begin{description}
    ! Paragraph ended before \def was complete.
    <to be read again>
     \par
    l.15 ...mon Spavound; Enrique Martínez-García}}}{}
     \begin{description}
    ! Paragraph ended before \def was complete.
    <to be read again>
     \par
    l.15 ...mon Spavound; Enrique Martínez-García}}}{}
     \begin{description}
    ! Paragraph ended before \def was complete.
    <to be read again>
     \par
    l.15 ...mon Spavound; Enrique Martínez-García}}}{}
     \begin{description}
    ! Paragraph ended before \def was complete.
    <to be read again>
     \par
    l.15 ...mon Spavound; Enrique Martínez-García}}}{}
     \begin{description}
    ! Paragraph ended before \def was complete.
    <to be read again>
     \par
    l.15 ...mon Spavound; Enrique Martínez-García}}}{}
     \begin{description}
    ! Paragraph ended before \def was complete.
    <to be read again>
     \par
    l.15 ...mon Spavound; Enrique Martínez-García}}}{}
     \begin{description}
    ! Paragraph ended before \def was complete.
    <to be read again>
     \par
    l.15 ...mon Spavound; Enrique Martínez-García}}}{}
     \begin{description}
    ! Paragraph ended before \def was complete.
    <to be read again>
     \par
    l.15 ...mon Spavound; Enrique Martínez-García}}}{}
     \begin{description}
    ! Paragraph ended before \def was complete.
    <to be read again>
     \par
    l.15 ...mon Spavound; Enrique Martínez-García}}}{}
     \begin{description}
    ! Paragraph ended before \def was complete.
    <to be read again>
     \par
    l.15 ...mon Spavound; Enrique Martínez-García}}}{}
     \begin{description}
    ! Paragraph ended before \def was complete.
    <to be read again>
     \par
    l.15 ...mon Spavound; Enrique Martínez-García}}}{}
     \begin{description}
    ! Paragraph ended before \def was complete.
    <to be read again>
     \par
    l.15 ...mon Spavound; Enrique Martínez-García}}}{}
     \begin{description}
    ! Paragraph ended before \def was complete.
    <to be read again>
     \par
    l.15 ...mon Spavound; Enrique Martínez-García}}}{}
     \begin{description}
    ! Paragraph ended before \def was complete.
    <to be read again>
     \par
    l.15 ...mon Spavound; Enrique Martínez-García}}}{}
     \begin{description}
    ! Paragraph ended before \def was complete.
    <to be read again>
     \par
    l.15 ...mon Spavound; Enrique Martínez-García}}}{}
     \begin{description}
    ! Paragraph ended before \def was complete.
    <to be read again>
     \par
    l.15 ...mon Spavound; Enrique Martínez-García}}}{}
     \begin{description}
    ! Paragraph ended before \def was complete.
    <to be read again>
     \par
    l.15 ...mon Spavound; Enrique Martínez-García}}}{}
     \begin{description}
    ! Paragraph ended before \def was complete.
    <to be read again>
     \par
    l.15 ...mon Spavound; Enrique Martínez-García}}}{}
     \begin{description}
    ! Paragraph ended before \def was complete.
    <to be read again>
     \par
    l.15 ...mon Spavound; Enrique Martínez-García}}}{}
     \begin{description}
    ! Paragraph ended before \def was complete.
    <to be read again>
     \par
    l.15 ...mon Spavound; Enrique Martínez-García}}}{}
     \begin{description}
    ! Paragraph ended before \def was complete.
    <to be read again>
     \par
    l.15 ...mon Spavound; Enrique Martínez-García}}}{}
     \begin{description}
    ! Paragraph ended before \def was complete.
    <to be read again>
     \par
    l.15 ...mon Spavound; Enrique Martínez-García}}}{}
     \begin{description}
    ! Paragraph ended before \def was complete.
    <to be read again>
     \par
    l.15 ...mon Spavound; Enrique Martínez-García}}}{}
     \begin{description}
    ! Paragraph ended before \def was complete.
    <to be read again>
     \par
    l.15 ...mon Spavound; Enrique Martínez-García}}}{}
     \begin{description}
    ! Paragraph ended before \def was complete.
    <to be read again>
     \par
    l.15 ...mon Spavound; Enrique Martínez-García}}}{}
     \begin{description}
    ! Paragraph ended before \def was complete.
    <to be read again>
     \par
    l.15 ...mon Spavound; Enrique Martínez-García}}}{}
     \begin{description}
    ! Paragraph ended before \def was complete.
    <to be read again>
     \par
    l.15 ...mon Spavound; Enrique Martínez-García}}}{}
     \begin{description}
    ! Paragraph ended before \def was complete.
    <to be read again>
     \par
    l.15 ...mon Spavound; Enrique Martínez-García}}}{}
     \begin{description}
    ! Paragraph ended before \def was complete.
    <to be read again>
     \par
    l.15 ...mon Spavound; Enrique Martínez-García}}}{}
     \begin{description}
    ! Paragraph ended before \def was complete.
    <to be read again>
     \par
    l.15 ...mon Spavound; Enrique Martínez-García}}}{}
     \begin{description}
    ! Paragraph ended before \def was complete.
    <to be read again>
     \par
    l.15 ...mon Spavound; Enrique Martínez-García}}}{}
     \begin{description}
    ! Paragraph ended before \def was complete.
    <to be read again>
     \par
    l.15 ...mon Spavound; Enrique Martínez-García}}}{}
     \begin{description}
    ! Paragraph ended before \def was complete.
    <to be read again>
     \par
    l.15 ...mon Spavound; Enrique Martínez-García}}}{}
     \begin{description}
    ! Paragraph ended before \def was complete.
    <to be read again>
     \par
    l.15 ...mon Spavound; Enrique Martínez-García}}}{}
     \begin{description}
    ! Paragraph ended before \def was complete.
    <to be read again>
     \par
    l.15 ...mon Spavound; Enrique Martínez-García}}}{}
     \begin{description}
    ! Paragraph ended before \def was complete.
    <to be read again>
     \par
    l.15 ...mon Spavound; Enrique Martínez-García}}}{}
     \begin{description}
    ! Paragraph ended before \def was complete.
    <to be read again>
     \par
    l.15 ...mon Spavound; Enrique Martínez-García}}}{}
     \begin{description}
    ! Paragraph ended before \def was complete.
    <to be read again>
     \par
    l.15 ...mon Spavound; Enrique Martínez-García}}}{}
     \begin{description}
    ! Paragraph ended before \def was complete.
    <to be read again>
     \par
    l.15 ...mon Spavound; Enrique Martínez-García}}}{}
     \begin{description}
    ! Paragraph ended before \def was complete.
    <to be read again>
     \par
    l.15 ...mon Spavound; Enrique Martínez-García}}}{}
     \begin{description}
    ! Paragraph ended before \def was complete.
    <to be read again>
     \par
    l.15 ...mon Spavound; Enrique Martínez-García}}}{}
     \begin{description}
    ! Paragraph ended before \def was complete.
    <to be read again>
     \par
    l.15 ...mon Spavound; Enrique Martínez-García}}}{}
     \begin{description}
    ! Paragraph ended before \def was complete.
    <to be read again>
     \par
    l.15 ...mon Spavound; Enrique Martínez-García}}}{}
     \begin{description}
    ! Paragraph ended before \def was complete.
    <to be read again>
     \par
    l.15 ...mon Spavound; Enrique Martínez-García}}}{}
     \begin{description}
    ! Paragraph ended before \def was complete.
    <to be read again>
     \par
    l.15 ...mon Spavound; Enrique Martínez-García}}}{}
     \begin{description}
    ! Paragraph ended before \def was complete.
    <to be read again>
     \par
    l.15 ...mon Spavound; Enrique Martínez-García}}}{}
     \begin{description}
    ! Paragraph ended before \def was complete.
    <to be read again>
     \par
    l.15 ...mon Spavound; Enrique Martínez-García}}}{}
     \begin{description}
    ! Paragraph ended before \def was complete.
    <to be read again>
     \par
    l.15 ...mon Spavound; Enrique Martínez-García}}}{}
     \begin{description}
    ! Paragraph ended before \def was complete.
    <to be read again>
     \par
    l.15 ...mon Spavound; Enrique Martínez-García}}}{}
     \begin{description}
    ! Paragraph ended before \def was complete.
    <to be read again>
     \par
    l.15 ...mon Spavound; Enrique Martínez-García}}}{}
     \begin{description}
    ! Paragraph ended before \def was complete.
    <to be read again>
     \par
    l.15 ...mon Spavound; Enrique Martínez-García}}}{}
     \begin{description}
    ! Paragraph ended before \def was complete.
    <to be read again>
     \par
    l.15 ...mon Spavound; Enrique Martínez-García}}}{}
     \begin{description}
    ! Paragraph ended before \def was complete.
    <to be read again>
     \par
    l.15 ...mon Spavound; Enrique Martínez-García}}}{}
     \begin{description}
    ! Paragraph ended before \def was complete.
    <to be read again>
     \par
    l.15 ...mon Spavound; Enrique Martínez-García}}}{}
     \begin{description}
    ! Paragraph ended before \def was complete.
    <to be read again>
     \par
    l.15 ...mon Spavound; Enrique Martínez-García}}}{}
     \begin{description}
    ! Paragraph ended before \def was complete.
    <to be read again>
     \par
    l.15 ...mon Spavound; Enrique Martínez-García}}}{}
     \begin{description}
    ! Paragraph ended before \def was complete.
    <to be read again>
     \par
    l.15 ...mon Spavound; Enrique Martínez-García}}}{}
     \begin{description}
    ! Paragraph ended before \def was complete.
    <to be read again>
     \par
    l.15 ...mon Spavound; Enrique Martínez-García}}}{}
     \begin{description}
    ! ==> Fatal error occurred, no output PDF file produced!
Flavor: r-release-windows-ix86+x86_64