Last updated on 2023-03-26 15:52:31 CEST.
Flavor | Version | Tinstall | Tcheck | Ttotal | Status | Flags |
---|---|---|---|---|---|---|
r-devel-linux-x86_64-debian-clang | 0.52 | 57.44 | 225.38 | 282.82 | OK | |
r-devel-linux-x86_64-debian-gcc | 0.52 | 49.03 | 166.47 | 215.50 | OK | |
r-devel-linux-x86_64-fedora-gcc | 0.52 | 352.49 | OK | |||
r-patched-linux-x86_64 | 0.52 | 48.56 | 209.33 | 257.89 | OK | |
r-release-linux-x86_64 | 0.52 | 49.81 | 214.74 | 264.55 | OK | |
r-release-macos-arm64 | 0.52 | 91.00 | NOTE | |||
r-release-macos-x86_64 | 0.52 | 181.00 | NOTE | |||
r-release-windows-x86_64 | 0.52 | 88.00 | 299.00 | 387.00 | OK | |
r-oldrel-macos-arm64 | 0.52 | 89.00 | NOTE | |||
r-oldrel-macos-x86_64 | 0.52 | 116.00 | NOTE | |||
r-oldrel-windows-ix86+x86_64 | 0.52 | 135.00 | 358.00 | 493.00 | OK |
Version: 0.52
Check: installed package size
Result: NOTE
installed size is 9.6Mb
sub-directories of 1Mb or more:
libs 8.1Mb
Flavors: r-release-macos-arm64, r-release-macos-x86_64, r-oldrel-macos-arm64, r-oldrel-macos-x86_64