CRAN Package Check Results for Package exifr

Last updated on 2022-01-22 03:56:43 CET.

Flavor Version Tinstall Tcheck Ttotal Status Flags
r-devel-linux-x86_64-debian-clang 0.3.2 2.46 72.12 74.58 NOTE
r-devel-linux-x86_64-debian-gcc 0.3.2 2.30 53.38 55.68 NOTE
r-devel-linux-x86_64-fedora-clang 0.3.2 93.48 NOTE
r-devel-linux-x86_64-fedora-gcc 0.3.2 83.25 NOTE
r-devel-windows-x86_64-new-UL 0.3.2 101.00 119.00 220.00 NOTE
r-devel-windows-x86_64-new-TK 0.3.2 NOTE
r-patched-linux-x86_64 0.3.2 2.74 70.49 73.23 NOTE
r-release-linux-x86_64 0.3.2 2.66 71.59 74.25 NOTE
r-release-macos-arm64 0.3.2 NOTE
r-release-macos-x86_64 0.3.2 NOTE
r-release-windows-ix86+x86_64 0.3.2 13.00 116.00 129.00 NOTE
r-oldrel-macos-x86_64 0.3.2 NOTE
r-oldrel-windows-ix86+x86_64 0.3.2 11.00 111.00 122.00 OK

Check Details

Version: 0.3.2
Check: LazyData
Result: NOTE
     'LazyData' is specified without a 'data' directory
Flavors: r-devel-linux-x86_64-debian-clang, r-devel-linux-x86_64-debian-gcc, r-devel-linux-x86_64-fedora-clang, r-devel-linux-x86_64-fedora-gcc, r-devel-windows-x86_64-new-UL, r-devel-windows-x86_64-new-TK, r-patched-linux-x86_64, r-release-linux-x86_64, r-release-macos-arm64, r-release-macos-x86_64, r-release-windows-ix86+x86_64

Version: 0.3.2
Check: installed package size
Result: NOTE
     installed size is 14.2Mb
     sub-directories of 1Mb or more:
     exiftool 14.1Mb
Flavors: r-devel-windows-x86_64-new-UL, r-release-macos-arm64, r-release-macos-x86_64, r-oldrel-macos-x86_64