Last updated on 2023-02-01 15:51:21 CET.
Flavor | Version | Tinstall | Tcheck | Ttotal | Status | Flags |
---|---|---|---|---|---|---|
r-devel-linux-x86_64-debian-clang | 1.2.1 | 43.61 | 117.27 | 160.88 | NOTE | |
r-devel-linux-x86_64-debian-gcc | 1.2.1 | 30.23 | 84.97 | 115.20 | NOTE | |
r-devel-linux-x86_64-fedora-clang | 1.2.1 | 202.97 | NOTE | |||
r-devel-linux-x86_64-fedora-gcc | 1.2.1 | 215.49 | NOTE | |||
r-devel-windows-x86_64 | 1.2.1 | 62.00 | 184.00 | 246.00 | NOTE | |
r-patched-linux-x86_64 | 1.2.1 | 34.07 | 106.76 | 140.83 | OK | |
r-release-linux-x86_64 | 1.2.1 | 35.25 | 110.30 | 145.55 | OK | |
r-release-macos-arm64 | 1.2.1 | 52.00 | OK | |||
r-release-macos-x86_64 | 1.2.1 | 75.00 | OK | |||
r-release-windows-x86_64 | 1.2.1 | 63.00 | 185.00 | 248.00 | OK | |
r-oldrel-macos-arm64 | 1.2.1 | 55.00 | OK | |||
r-oldrel-macos-x86_64 | 1.2.1 | 80.00 | OK | |||
r-oldrel-windows-ix86+x86_64 | 1.2.1 | 92.00 | 225.00 | 317.00 | OK |
Version: 1.2.1
Check: C++ specification
Result: NOTE
Specified C++11: please update to current default of C++17
Flavors: r-devel-linux-x86_64-debian-clang, r-devel-linux-x86_64-debian-gcc, r-devel-linux-x86_64-fedora-clang, r-devel-linux-x86_64-fedora-gcc, r-devel-windows-x86_64