Last updated on 2023-01-31 04:06:17 CET.
Flavor | Version | Tinstall | Tcheck | Ttotal | Status | Flags |
---|---|---|---|---|---|---|
r-devel-linux-x86_64-debian-clang | 0.3 | 5.30 | 36.59 | 41.89 | NOTE | |
r-devel-linux-x86_64-debian-gcc | 0.3 | 3.38 | 27.87 | 31.25 | NOTE | |
r-devel-linux-x86_64-fedora-clang | 0.3 | 51.65 | NOTE | |||
r-devel-linux-x86_64-fedora-gcc | 0.3 | 49.39 | NOTE | |||
r-devel-windows-x86_64 | 0.3 | 14.00 | 62.00 | 76.00 | NOTE | |
r-patched-linux-x86_64 | 0.3 | 8.40 | 35.95 | 44.35 | OK | |
r-release-linux-x86_64 | 0.3 | 4.37 | 36.12 | 40.49 | OK | |
r-release-macos-arm64 | 0.3 | 17.00 | OK | |||
r-release-macos-x86_64 | 0.3 | 24.00 | OK | |||
r-release-windows-x86_64 | 0.3 | 17.00 | 69.00 | 86.00 | OK | |
r-oldrel-macos-arm64 | 0.3 | 20.00 | OK | |||
r-oldrel-macos-x86_64 | 0.3 | 28.00 | OK | |||
r-oldrel-windows-ix86+x86_64 | 0.3 | 12.00 | 62.00 | 74.00 | OK |
Version: 0.3
Check: Rd files
Result: NOTE
checkRd: (-1) exams2sakai.Rd:152: Escaped LaTeX specials: \&
Flavors: r-devel-linux-x86_64-debian-clang, r-devel-linux-x86_64-debian-gcc, r-devel-linux-x86_64-fedora-clang, r-devel-linux-x86_64-fedora-gcc, r-devel-windows-x86_64
Version: 0.3
Check: Rd cross-references
Result: NOTE
Undeclared package ‘tth’ in Rd xrefs
Flavor: r-devel-linux-x86_64-fedora-clang