CRAN Package Check Results for Package exactextractr

Last updated on 2022-10-02 15:54:24 CEST.

Flavor Version Tinstall Tcheck Ttotal Status Flags
r-devel-linux-x86_64-debian-clang 0.9.0 111.32 394.73 506.05 OK
r-devel-linux-x86_64-debian-gcc 0.9.0 85.40 289.69 375.09 OK
r-devel-linux-x86_64-fedora-clang 0.9.0 673.45 OK
r-devel-linux-x86_64-fedora-gcc 0.9.0 653.44 OK
r-devel-windows-x86_64 0.9.0 151.00 428.00 579.00 OK
r-patched-linux-x86_64 0.9.0 90.76 377.29 468.05 OK
r-release-linux-x86_64 0.9.0 99.33 378.91 478.24 OK
r-release-macos-arm64 0.9.0 173.00 ERROR
r-release-macos-x86_64 0.9.0 195.00 ERROR
r-release-windows-x86_64 0.9.0 172.00 447.00 619.00 OK
r-oldrel-macos-arm64 0.9.0 169.00 ERROR
r-oldrel-macos-x86_64 0.9.0 191.00 ERROR
r-oldrel-windows-ix86+x86_64 0.9.0 270.00 636.00 906.00 NOTE

Check Details

Version: 0.9.0
Check: installed package size
Result: NOTE
     installed size is 7.5Mb
     sub-directories of 1Mb or more:
     libs 6.6Mb
Flavors: r-release-macos-arm64, r-release-macos-x86_64, r-oldrel-macos-arm64, r-oldrel-macos-x86_64, r-oldrel-windows-ix86+x86_64

Version: 0.9.0
Check: tests
Result: ERROR
     Running ‘testthat.R’ [20s/25s]
    Running the tests in ‘tests/testthat.R’ failed.
    Last 13 lines of output:
     ── Error (test_helper_blocksize.R:34:3): blockSize reports block size in row-col order ──
     Error: [writeRaster] invalid driver
     Backtrace:
     ▆
     1. ├─base::suppressWarnings(...) at test_helper_blocksize.R:34:2
     2. │ └─base::withCallingHandlers(...)
     3. ├─terra::writeRaster(...) at test_helper_blocksize.R:35:4
     4. └─terra::writeRaster(...)
     5. └─terra (local) .local(x, filename, ...)
     6. └─terra:::messages(x, "writeRaster")
     7. └─terra:::error(f, x@ptr$getError())
    
     [ FAIL 1 | WARN 0 | SKIP 0 | PASS 463 ]
     Error: Test failures
     Execution halted
Flavor: r-release-macos-arm64

Version: 0.9.0
Check: tests
Result: ERROR
     Running ‘testthat.R’ [27s/27s]
    Running the tests in ‘tests/testthat.R’ failed.
    Last 13 lines of output:
     ── Error (test_helper_blocksize.R:34:3): blockSize reports block size in row-col order ──
     Error: [writeRaster] invalid driver
     Backtrace:
     ▆
     1. ├─base::suppressWarnings(...) at test_helper_blocksize.R:34:2
     2. │ └─base::withCallingHandlers(...)
     3. ├─terra::writeRaster(...) at test_helper_blocksize.R:35:4
     4. └─terra::writeRaster(...)
     5. └─terra (local) .local(x, filename, ...)
     6. └─terra:::messages(x, "writeRaster")
     7. └─terra:::error(f, x@ptr$getError())
    
     [ FAIL 1 | WARN 0 | SKIP 0 | PASS 463 ]
     Error: Test failures
     Execution halted
Flavor: r-release-macos-x86_64

Version: 0.9.0
Check: tests
Result: ERROR
     Running ‘testthat.R’ [20s/24s]
    Running the tests in ‘tests/testthat.R’ failed.
    Last 13 lines of output:
     ── Error (test_helper_blocksize.R:34:3): blockSize reports block size in row-col order ──
     Error: [writeRaster] invalid driver
     Backtrace:
     ▆
     1. ├─base::suppressWarnings(...) at test_helper_blocksize.R:34:2
     2. │ └─base::withCallingHandlers(...)
     3. ├─terra::writeRaster(...) at test_helper_blocksize.R:35:4
     4. └─terra::writeRaster(...)
     5. └─terra (local) .local(x, filename, ...)
     6. └─terra:::messages(x, "writeRaster")
     7. └─terra:::error(f, x@ptr$getError())
    
     [ FAIL 1 | WARN 0 | SKIP 0 | PASS 463 ]
     Error: Test failures
     Execution halted
Flavor: r-oldrel-macos-arm64

Version: 0.9.0
Check: tests
Result: ERROR
     Running ‘testthat.R’ [25s/25s]
    Running the tests in ‘tests/testthat.R’ failed.
    Last 13 lines of output:
     ── Error (test_helper_blocksize.R:34:3): blockSize reports block size in row-col order ──
     Error: [writeRaster] invalid driver
     Backtrace:
     ▆
     1. ├─base::suppressWarnings(...) at test_helper_blocksize.R:34:2
     2. │ └─base::withCallingHandlers(...)
     3. ├─terra::writeRaster(...) at test_helper_blocksize.R:35:4
     4. └─terra::writeRaster(...)
     5. └─terra (local) .local(x, filename, ...)
     6. └─terra:::messages(x, "writeRaster")
     7. └─terra:::error(f, x@ptr$getError())
    
     [ FAIL 1 | WARN 0 | SKIP 0 | PASS 463 ]
     Error: Test failures
     Execution halted
Flavor: r-oldrel-macos-x86_64