CRAN Package Check Results for Package evobiR

Last updated on 2022-01-16 15:48:26 CET.

Flavor Version Tinstall Tcheck Ttotal Status Flags
r-devel-linux-x86_64-debian-clang 1.1 10.23 102.88 113.11 NOTE
r-devel-linux-x86_64-debian-gcc 1.1 10.04 79.67 89.71 NOTE
r-devel-linux-x86_64-fedora-clang 1.1 140.34 NOTE
r-devel-linux-x86_64-fedora-gcc 1.1 127.45 NOTE
r-devel-windows-x86_64-new-UL 1.1 33.00 123.00 156.00 OK
r-devel-windows-x86_64-new-TK 1.1 OK
r-patched-linux-x86_64 1.1 11.70 100.60 112.30 NOTE
r-release-linux-x86_64 1.1 NOTE
r-release-macos-arm64 1.1 OK
r-release-macos-x86_64 1.1 OK
r-release-windows-ix86+x86_64 1.1 24.00 118.00 142.00 OK
r-oldrel-macos-x86_64 1.1 OK
r-oldrel-windows-ix86+x86_64 1.1 26.00 122.00 148.00 OK

Check Details

Version: 1.1
Check: for non-standard things in the check directory
Result: NOTE
    Found the following files/directories:
     'sample .nwk'
Flavors: r-devel-linux-x86_64-debian-clang, r-devel-linux-x86_64-debian-gcc, r-devel-linux-x86_64-fedora-clang, r-devel-linux-x86_64-fedora-gcc, r-patched-linux-x86_64, r-release-linux-x86_64