CRAN Package Check Results for Package evmix

Last updated on 2022-01-22 15:52:11 CET.

Flavor Version Tinstall Tcheck Ttotal Status Flags
r-devel-linux-x86_64-debian-clang 2.12 34.76 200.85 235.61 OK
r-devel-linux-x86_64-debian-gcc 2.12 27.38 150.94 178.32 OK
r-devel-linux-x86_64-fedora-clang 2.12 288.53 NOTE
r-devel-linux-x86_64-fedora-gcc 2.12 273.82 OK
r-devel-windows-x86_64-new-UL 2.12 122.00 195.00 317.00 OK
r-devel-windows-x86_64-new-TK 2.12 OK
r-patched-linux-x86_64 2.12 32.71 200.24 232.95 OK
r-release-linux-x86_64 2.12 27.48 201.34 228.82 OK
r-release-macos-arm64 2.12 NOTE
r-release-macos-x86_64 2.12 OK
r-release-windows-ix86+x86_64 2.12 49.00 192.00 241.00 OK
r-oldrel-macos-x86_64 2.12 OK
r-oldrel-windows-ix86+x86_64 2.12 48.00 186.00 234.00 OK

Check Details

Version: 2.12
Check: Rd cross-references
Result: NOTE
    Undeclared packages ‘ks’, ‘evd’, ‘ismev’, ‘mixtools’, ‘evir’, ‘smoothtail’ in Rd xrefs
Flavor: r-devel-linux-x86_64-fedora-clang

Version: 2.12
Check: installed package size
Result: NOTE
     installed size is 5.9Mb
     sub-directories of 1Mb or more:
     R 2.0Mb
     doc 2.9Mb
Flavor: r-release-macos-arm64