CRAN Package Check Results for Package eventstudies

Last updated on 2021-11-27 15:50:40 CET.

Flavor Version Tinstall Tcheck Ttotal Status Flags
r-devel-linux-x86_64-debian-clang 1.2.2 ERROR
r-devel-linux-x86_64-debian-gcc 1.2.2 4.61 56.94 61.55 OK
r-devel-linux-x86_64-fedora-clang 1.2.2 115.06 OK
r-devel-linux-x86_64-fedora-gcc 1.2.2 97.02 OK
r-devel-windows-x86_64-new-UL 1.2.2 18.00 174.00 192.00 OK
r-devel-windows-x86_64-new-TK 1.2.2 OK
r-devel-windows-x86_64-old 1.2.2 8.00 116.00 124.00 OK
r-patched-linux-x86_64 1.2.2 6.39 72.11 78.50 OK
r-patched-solaris-x86 1.2.2 145.70 OK
r-release-linux-x86_64 1.2.2 OK
r-release-macos-arm64 1.2.2 OK
r-release-macos-x86_64 1.2.2 OK
r-release-windows-ix86+x86_64 1.2.2 12.00 78.00 90.00 OK
r-oldrel-macos-x86_64 1.2.2 OK
r-oldrel-windows-ix86+x86_64 1.2.2 11.00 110.00 121.00 OK

Check Details

Version: 1.2.2
Check: tests
Result: ERROR
     Running 'testthat.R' [2s/3s]
    Running the tests in 'tests/testthat.R' failed.
    Complete output:
     > testthat::test_check("eventstudies")
     Loading required package: eventstudies
     Loading required package: zoo
    
     Attaching package: 'zoo'
    
     The following objects are masked from 'package:base':
    
     as.Date, as.Date.numeric
    
     Loading required package: xts
     == Failed tests ================================================================
     -- Failure (test_functionality_inference.R:76:3): functionality for inference functions --
     `x` not equal to `expected`.
     2/9 mismatches (average diff: 0.013)
     [8] 0.0242 - 0.0279 == -0.00362
     [9] 0.0421 - 0.0645 == -0.02235
     Backtrace:
     x
     1. \-eventstudies:::testing.inference(strategy = test.boot, result = x) test_functionality_inference.R:76:2
     2. \-testthat::expect_that(strategy, equals(result)) test_functionality_inference.R:69:6
     3. \-testthat:::condition(object)
     4. \-testthat::expect_equal(x, expected, ..., expected.label = label)
    
     [ FAIL 1 | WARN 0 | SKIP 0 | PASS 39 ]
     Error: Test failures
     Execution halted
Flavor: r-devel-linux-x86_64-debian-clang