CRAN Package Check Results for Package evaluate

Last updated on 2021-11-28 15:48:40 CET.

Flavor Version Tinstall Tcheck Ttotal Status Flags
r-devel-linux-x86_64-debian-clang 0.14 OK
r-devel-linux-x86_64-debian-gcc 0.14 2.13 21.64 23.77 OK
r-devel-linux-x86_64-fedora-clang 0.14 47.54 OK
r-devel-linux-x86_64-fedora-gcc 0.14 36.52 OK
r-devel-windows-x86_64-new-UL 0.14 9.00 62.00 71.00 OK
r-devel-windows-x86_64-new-TK 0.14 OK
r-devel-windows-x86_64-old 0.14 4.00 45.00 49.00 OK
r-patched-linux-x86_64 0.14 2.41 26.37 28.78 OK
r-patched-solaris-x86 0.14 54.30 OK
r-release-linux-x86_64 0.14 2.11 26.29 28.40 OK
r-release-macos-arm64 0.14 OK
r-release-macos-x86_64 0.14 OK
r-release-windows-ix86+x86_64 0.14 1.00 6.00 7.00 ERROR
r-oldrel-macos-x86_64 0.14 ERROR
r-oldrel-windows-ix86+x86_64 0.14 5.00 42.00 47.00 OK

Check Details

Version: 0.14
Check: whether package can be installed
Result: ERROR
    Installation failed.
Flavor: r-release-windows-ix86+x86_64

Version: 0.14
Check: tests
Result: ERROR
     Running ‘test-all.R’ [3s/5s]
    Running the tests in ‘tests/test-all.R’ failed.
    Last 13 lines of output:
     [1] 5 - 4 == 1
    
     ── 4. Failure: ggplot2 plots in a single expression are captured (@test-graphics
     `x` not equal to `expected`.
     Lengths differ: 5 is not 4
    
     ══ testthat results ═══════════════════════════════════════════════════════════
     [ OK: 49 | SKIPPED: 1 | WARNINGS: 0 | FAILED: 4 ]
     1. Failure: ggplot is captured (@test-graphics.r#13)
     2. Failure: ggplot is captured (@test-graphics.r#15)
     3. Failure: ggplot2 plots in a single expression are captured (@test-graphics.r#47)
     4. Failure: ggplot2 plots in a single expression are captured (@test-graphics.r#49)
    
     Error: testthat unit tests failed
     Execution halted
Flavor: r-oldrel-macos-x86_64