CRAN Package Check Results for Package evalITR

Last updated on 2024-06-13 03:49:17 CEST.

Flavor Version Tinstall Tcheck Ttotal Status Flags
r-devel-linux-x86_64-debian-clang 1.0.0 15.13 410.82 425.95 OK
r-devel-linux-x86_64-debian-gcc 1.0.0 0.36 1.93 2.29 ERROR
r-devel-linux-x86_64-fedora-clang 1.0.0 513.03 NOTE
r-devel-linux-x86_64-fedora-gcc 1.0.0 572.12 NOTE
r-devel-windows-x86_64 1.0.0 16.00 255.00 271.00 OK
r-patched-linux-x86_64 1.0.0 11.58 404.53 416.11 OK
r-release-linux-x86_64 1.0.0 10.95 407.25 418.20 OK
r-release-macos-arm64 1.0.0 155.00 OK
r-release-macos-x86_64 1.0.0 236.00 OK
r-release-windows-x86_64 1.0.0 15.00 252.00 267.00 OK
r-oldrel-macos-arm64 1.0.0 172.00 OK
r-oldrel-macos-x86_64 1.0.0 351.00 OK
r-oldrel-windows-x86_64 1.0.0 22.00 304.00 326.00 OK

Check Details

Version: 1.0.0
Check: package dependencies
Result: ERROR Packages required but not available: 'dplyr', 'caret', 'forcats', 'ggdist', 'ggplot2', 'ggthemes', 'haven', 'purrr' Packages suggested but not available for checking: 'furrr', 'testthat' See section ‘The DESCRIPTION file’ in the ‘Writing R Extensions’ manual. Flavor: r-devel-linux-x86_64-debian-gcc

Version: 1.0.0
Check: dependencies in R code
Result: NOTE Namespaces in Imports field not imported from: ‘forcats’ ‘rqPen’ ‘utils’ All declared Imports should be used. Flavors: r-devel-linux-x86_64-fedora-clang, r-devel-linux-x86_64-fedora-gcc