CRAN Package Check Results for Package eva

Last updated on 2021-11-28 03:54:06 CET.

Flavor Version Tinstall Tcheck Ttotal Status Flags
r-devel-linux-x86_64-debian-clang 0.2.6 OK
r-devel-linux-x86_64-debian-gcc 0.2.6 10.22 79.31 89.53 OK
r-devel-linux-x86_64-fedora-clang 0.2.6 148.97 NOTE
r-devel-linux-x86_64-fedora-gcc 0.2.6 139.76 NOTE
r-devel-windows-x86_64-new-UL 0.2.6 25.00 156.00 181.00 OK
r-devel-windows-x86_64-new-TK 0.2.6 NOTE
r-devel-windows-x86_64-old 0.2.6 14.00 137.00 151.00 OK
r-patched-linux-x86_64 0.2.6 12.05 100.15 112.20 OK
r-patched-solaris-x86 0.2.6 168.90 NOTE
r-release-linux-x86_64 0.2.6 OK
r-release-macos-arm64 0.2.6 NOTE
r-release-macos-x86_64 0.2.6 NOTE
r-release-windows-ix86+x86_64 0.2.6 26.00 91.00 117.00 OK
r-oldrel-macos-x86_64 0.2.6 NOTE
r-oldrel-windows-ix86+x86_64 0.2.6 31.00 126.00 157.00 OK

Check Details

Version: 0.2.6
Check: dependencies in R code
Result: NOTE
    Namespace in Imports field not imported from: ‘EnvStats’
     All declared Imports should be used.
Flavors: r-devel-linux-x86_64-fedora-clang, r-devel-linux-x86_64-fedora-gcc, r-devel-windows-x86_64-new-TK, r-patched-solaris-x86, r-release-macos-arm64, r-release-macos-x86_64, r-oldrel-macos-x86_64