CRAN Package Check Results for Package europeanaR

Last updated on 2024-07-14 15:54:47 CEST.

Flavor Version Tinstall Tcheck Ttotal Status Flags
r-devel-linux-x86_64-debian-clang 0.1.0 3.19 36.79 39.98 OK
r-devel-linux-x86_64-debian-gcc 0.1.0 2.11 27.88 29.99 OK
r-devel-linux-x86_64-fedora-clang 0.1.0 52.54 OK
r-devel-linux-x86_64-fedora-gcc 0.1.0 60.59 OK
r-devel-windows-x86_64 0.1.0 4.00 57.00 61.00 NOTE
r-patched-linux-x86_64 0.1.0 6.11 34.90 41.01 OK
r-release-linux-x86_64 0.1.0 2.75 33.74 36.49 OK
r-release-macos-arm64 0.1.0 23.00 OK
r-release-macos-x86_64 0.1.0 36.00 OK
r-release-windows-x86_64 0.1.0 3.00 51.00 54.00 OK
r-oldrel-macos-arm64 0.1.0 25.00 OK
r-oldrel-macos-x86_64 0.1.0 38.00 OK
r-oldrel-windows-x86_64 0.1.0 4.00 53.00 57.00 OK

Check Details

Version: 0.1.0
Check: Rd cross-references
Result: NOTE Found the following Rd file(s) with Rd \link{} targets missing package anchors: set_key.Rd: setkey Please provide package anchors for all Rd \link{} targets not in the package itself and the base packages. Flavor: r-devel-windows-x86_64