CRAN Package Check Results for Package ether

Last updated on 2022-01-23 15:49:06 CET.

Flavor Version Tinstall Tcheck Ttotal Status Flags
r-devel-linux-x86_64-debian-clang 0.1.6 6.36 69.47 75.83 NOTE
r-devel-linux-x86_64-debian-gcc 0.1.6 5.90 59.51 65.41 NOTE
r-devel-linux-x86_64-fedora-clang 0.1.6 92.26 NOTE
r-devel-linux-x86_64-fedora-gcc 0.1.6 78.58 NOTE
r-devel-windows-x86_64-new-UL 0.1.6 46.00 94.00 140.00 NOTE
r-devel-windows-x86_64-new-TK 0.1.6 NOTE
r-patched-linux-x86_64 0.1.6 4.65 65.92 70.57 NOTE
r-release-linux-x86_64 0.1.6 4.53 65.01 69.54 NOTE
r-release-macos-arm64 0.1.6 NOTE
r-release-macos-x86_64 0.1.6 NOTE
r-release-windows-ix86+x86_64 0.1.6 16.00 84.00 100.00 NOTE
r-oldrel-macos-x86_64 0.1.6 OK
r-oldrel-windows-ix86+x86_64 0.1.6 17.00 81.00 98.00 OK

Check Details

Version: 0.1.6
Check: LazyData
Result: NOTE
     'LazyData' is specified without a 'data' directory
Flavors: r-devel-linux-x86_64-debian-clang, r-devel-linux-x86_64-debian-gcc, r-devel-linux-x86_64-fedora-clang, r-devel-linux-x86_64-fedora-gcc, r-devel-windows-x86_64-new-UL, r-devel-windows-x86_64-new-TK, r-patched-linux-x86_64, r-release-linux-x86_64, r-release-macos-arm64, r-release-macos-x86_64, r-release-windows-ix86+x86_64