CRAN Package Check Results for Package esaddle

Last updated on 2024-07-14 15:54:47 CEST.

Flavor Version Tinstall Tcheck Ttotal Status Flags
r-devel-linux-x86_64-debian-clang 0.0.7 22.84 61.26 84.10 NOTE
r-devel-linux-x86_64-debian-gcc 0.0.7 16.68 46.83 63.51 NOTE
r-devel-linux-x86_64-fedora-clang 0.0.7 112.73 NOTE
r-devel-linux-x86_64-fedora-gcc 0.0.7 124.43 NOTE
r-devel-windows-x86_64 0.0.7 21.00 104.00 125.00 NOTE
r-patched-linux-x86_64 0.0.7 24.05 58.19 82.24 NOTE
r-release-linux-x86_64 0.0.7 15.16 58.33 73.49 NOTE
r-release-macos-arm64 0.0.7 44.00 NOTE
r-release-macos-x86_64 0.0.7 73.00 NOTE
r-release-windows-x86_64 0.0.7 22.00 98.00 120.00 NOTE
r-oldrel-macos-arm64 0.0.7 47.00 OK
r-oldrel-macos-x86_64 0.0.7 79.00 OK
r-oldrel-windows-x86_64 0.0.7 29.00 121.00 150.00 OK

Check Details

Version: 0.0.7
Check: Rd files
Result: NOTE checkRd: (-1) dsaddle.Rd:39-40: Lost braces in \itemize; meant \describe ? checkRd: (-1) dsaddle.Rd:41: Lost braces in \itemize; meant \describe ? checkRd: (-1) dsaddle.Rd:42-43: Lost braces in \itemize; meant \describe ? checkRd: (-1) dsaddle.Rd:44-45: Lost braces in \itemize; meant \describe ? checkRd: (-1) dsaddle.Rd:46-48: Lost braces in \itemize; meant \describe ? checkRd: (-1) dsaddle.Rd:61: Lost braces in \itemize; \value handles \item{}{} directly checkRd: (-1) dsaddle.Rd:62-63: Lost braces in \itemize; \value handles \item{}{} directly checkRd: (-1) dsaddle.Rd:64-65: Lost braces in \itemize; \value handles \item{}{} directly checkRd: (-1) dsaddle.Rd:66-67: Lost braces in \itemize; \value handles \item{}{} directly checkRd: (-1) dsaddle.Rd:68: Lost braces in \itemize; \value handles \item{}{} directly checkRd: (-1) dsaddle.Rd:69: Lost braces in \itemize; \value handles \item{}{} directly checkRd: (-1) ecgf.Rd:24: Lost braces in \itemize; \value handles \item{}{} directly checkRd: (-1) ecgf.Rd:25: Lost braces in \itemize; \value handles \item{}{} directly checkRd: (-1) ecgf.Rd:26: Lost braces in \itemize; \value handles \item{}{} directly checkRd: (-1) robCov.Rd:19: Lost braces in \itemize; \value handles \item{}{} directly checkRd: (-1) robCov.Rd:20-21: Lost braces in \itemize; \value handles \item{}{} directly checkRd: (-1) robCov.Rd:22: Lost braces in \itemize; \value handles \item{}{} directly checkRd: (-1) robCov.Rd:23: Lost braces in \itemize; \value handles \item{}{} directly checkRd: (-1) robCov.Rd:24: Lost braces in \itemize; \value handles \item{}{} directly checkRd: (-1) robCov.Rd:25: Lost braces in \itemize; \value handles \item{}{} directly checkRd: (-1) robCov.Rd:26-27: Lost braces in \itemize; \value handles \item{}{} directly checkRd: (-1) selectDecay.Rd:48-49: Lost braces in \itemize; meant \describe ? checkRd: (-1) selectDecay.Rd:50-51: Lost braces in \itemize; meant \describe ? checkRd: (-1) selectDecay.Rd:52-53: Lost braces in \itemize; meant \describe ? checkRd: (-1) selectDecay.Rd:54-55: Lost braces in \itemize; meant \describe ? checkRd: (-1) selectDecay.Rd:63-64: Lost braces in \itemize; \value handles \item{}{} directly checkRd: (-1) selectDecay.Rd:65: Lost braces in \itemize; \value handles \item{}{} directly checkRd: (-1) selectDecay.Rd:66: Lost braces in \itemize; \value handles \item{}{} directly Flavors: r-devel-linux-x86_64-debian-clang, r-devel-linux-x86_64-debian-gcc, r-devel-linux-x86_64-fedora-clang, r-devel-linux-x86_64-fedora-gcc, r-devel-windows-x86_64, r-patched-linux-x86_64, r-release-linux-x86_64, r-release-macos-arm64, r-release-macos-x86_64, r-release-windows-x86_64