CRAN Package Check Results for Package ergm

Last updated on 2021-12-06 15:52:07 CET.

Flavor Version Tinstall Tcheck Ttotal Status Flags
r-devel-linux-x86_64-debian-clang 4.1.2 64.85 549.39 614.24 OK
r-devel-linux-x86_64-debian-gcc 4.1.2 56.84 415.16 472.00 OK
r-devel-linux-x86_64-fedora-clang 4.1.2 721.48 NOTE
r-devel-linux-x86_64-fedora-gcc 4.1.2 733.38 OK
r-devel-windows-x86_64-new-UL 4.1.2 152.00 132.00 284.00 OK --no-examples --no-tests --no-vignettes
r-devel-windows-x86_64-new-TK 4.1.2 OK
r-devel-windows-x86_64-old 4.1.2 119.00 140.00 259.00 OK --no-examples --no-tests --no-vignettes
r-patched-linux-x86_64 4.1.2 78.15 540.14 618.29 OK
r-release-linux-x86_64 4.1.2 63.85 538.16 602.01 OK
r-release-macos-arm64 4.1.2 NOTE
r-release-macos-x86_64 4.1.2 NOTE
r-release-windows-ix86+x86_64 4.1.2 198.00 218.00 416.00 NOTE --no-examples --no-tests --no-vignettes
r-oldrel-macos-x86_64 4.1.2 NOTE
r-oldrel-windows-ix86+x86_64 4.1.2 197.00 212.00 409.00 NOTE --no-examples --no-tests --no-vignettes

Check Details

Version: 4.1.2
Check: installed package size
Result: NOTE
     installed size is 6.9Mb
     sub-directories of 1Mb or more:
     R 1.1Mb
     doc 1.9Mb
     libs 2.7Mb
Flavors: r-devel-linux-x86_64-fedora-clang, r-release-macos-arm64, r-release-macos-x86_64, r-oldrel-macos-x86_64

Version: 4.1.2
Check: package dependencies
Result: NOTE
    Package suggested but not available for checking: ‘Rmpi’
Flavors: r-release-macos-arm64, r-release-macos-x86_64, r-oldrel-macos-x86_64

Version: 4.1.2
Flags: --no-examples --no-tests --no-vignettes
Check: installed package size
Result: NOTE
     installed size is 5.5Mb
     sub-directories of 1Mb or more:
     R 1.0Mb
     doc 1.9Mb
     libs 1.3Mb
Flavors: r-release-windows-ix86+x86_64, r-oldrel-windows-ix86+x86_64