CRAN Package Check Results for Package ergm

Last updated on 2023-10-01 05:05:41 CEST.

Flavor Version Tinstall Tcheck Ttotal Status Flags
r-devel-linux-x86_64-debian-clang 4.5.0 92.37 711.58 803.95 NOTE --no-vignettes
r-devel-linux-x86_64-debian-gcc 4.5.0 78.32 520.53 598.85 NOTE --no-vignettes
r-devel-linux-x86_64-fedora-clang 4.5.0 1269.47 NOTE
r-devel-linux-x86_64-fedora-gcc 4.5.0 1024.38 NOTE
r-devel-windows-x86_64 4.5.0 87.00 202.00 289.00 NOTE --no-examples --no-tests --no-vignettes
r-patched-linux-x86_64 4.5.0 98.87 649.04 747.91 WARN --no-vignettes
r-release-linux-x86_64 4.5.0 92.15 682.56 774.71 OK --no-vignettes
r-release-macos-arm64 4.5.0 343.00 NOTE
r-release-macos-x86_64 4.5.0 538.00 NOTE
r-release-windows-x86_64 4.5.0 112.00 207.00 319.00 OK --no-examples --no-tests --no-vignettes
r-oldrel-macos-arm64 4.5.0 329.00 NOTE
r-oldrel-macos-x86_64 4.5.0 379.00 NOTE
r-oldrel-windows-x86_64 4.5.0 114.00 154.00 268.00 OK --no-examples --no-tests --no-vignettes

Check Details

Version: 4.5.0
Flags: --no-vignettes
Check: Rd \usage sections
Result: NOTE
    Documented arguments not in \usage in documentation object 'call.ErgmTerm':
     ‘A’
    
    Objects in \usage without \alias in documentation object 'ergm-defunct':
     ‘sociality’
    
    Documented arguments not in \usage in documentation object 'ergm-deprecated':
     ‘fname’ ‘varnames’ ‘vartypes’ ‘defaultvalues’ ‘required’
     ‘nw.bipartiteflag’ ‘requirement’ ‘extramessage’ ‘nw.directedflag’ ‘m’
     ‘response’ ‘new’ ‘from.new’ ‘model’ ‘proposal’ ‘eta0’ ‘control’
     ‘verbose’ ‘update.nws’ ‘Clist’ ‘prev.run’ ‘burnin’ ‘samplesize’
     ‘interval’ ‘maxedges’ ‘attrname’ ‘label’ ‘coord’ ‘jitter’ ‘thresh’
     ‘usearrows’ ‘mode’ ‘displayisolates’ ‘interactive’ ‘xlab’ ‘ylab’
     ‘xlim’ ‘ylim’ ‘pad’ ‘label.pad’ ‘displaylabels’ ‘boxed.labels’
     ‘label.pos’ ‘label.bg’ ‘vertex.sides’ ‘vertex.rot’ ‘arrowhead.cex’
     ‘label.cex’ ‘loop.cex’ ‘vertex.cex’ ‘edge.col’ ‘label.col’
     ‘vertex.col’ ‘label.border’ ‘vertex.border’ ‘edge.lty’ ‘label.lty’
     ‘vertex.lty’ ‘edge.lwd’ ‘label.lwd’ ‘edge.len’ ‘edge.curve’
     ‘edge.steps’ ‘loop.steps’ ‘object.scale’ ‘uselen’ ‘usecurve’
     ‘suppress.axes’ ‘vertices.last’ ‘layout.par’ ‘cex.main’ ‘cex.sub’
     ‘seed’ ‘latent.control’ ‘colornames’ ‘latent’ ‘preserve.eattr’
    
    Documented arguments not in \usage in documentation object 'ergm_state':
     ‘nw’
    
    Documented arguments not in \usage in documentation object 'nodal_attributes-API':
     ‘l’
    
    Documented arguments not in \usage in documentation object 'summary.ergm_model':
     ‘response’
    
    Functions with \usage entries need to have the appropriate \alias
    entries, and all their arguments documented.
    The \usage entries must correspond to syntactically valid R code.
    See chapter ‘Writing R documentation files’ in the ‘Writing R
    Extensions’ manual.
Flavors: r-devel-linux-x86_64-debian-clang, r-devel-linux-x86_64-debian-gcc

Version: 4.5.0
Check: installed package size
Result: NOTE
     installed size is 5.4Mb
     sub-directories of 1Mb or more:
     R 1.0Mb
     doc 1.7Mb
Flavors: r-devel-linux-x86_64-fedora-clang, r-release-macos-arm64, r-release-macos-x86_64, r-oldrel-macos-arm64, r-oldrel-macos-x86_64

Version: 4.5.0
Check: Rd \usage sections
Result: NOTE
    Documented arguments not in \usage in documentation object 'call.ErgmTerm':
     ‘A’
    
    Objects in \usage without \alias in documentation object 'ergm-defunct':
     ‘sociality’
    
    Documented arguments not in \usage in documentation object 'ergm-deprecated':
     ‘fname’ ‘varnames’ ‘vartypes’ ‘defaultvalues’ ‘required’
     ‘nw.bipartiteflag’ ‘requirement’ ‘extramessage’ ‘nw.directedflag’ ‘m’
     ‘response’ ‘new’ ‘from.new’ ‘model’ ‘proposal’ ‘eta0’ ‘control’
     ‘verbose’ ‘update.nws’ ‘Clist’ ‘prev.run’ ‘burnin’ ‘samplesize’
     ‘interval’ ‘maxedges’ ‘attrname’ ‘label’ ‘coord’ ‘jitter’ ‘thresh’
     ‘usearrows’ ‘mode’ ‘displayisolates’ ‘interactive’ ‘xlab’ ‘ylab’
     ‘xlim’ ‘ylim’ ‘pad’ ‘label.pad’ ‘displaylabels’ ‘boxed.labels’
     ‘label.pos’ ‘label.bg’ ‘vertex.sides’ ‘vertex.rot’ ‘arrowhead.cex’
     ‘label.cex’ ‘loop.cex’ ‘vertex.cex’ ‘edge.col’ ‘label.col’
     ‘vertex.col’ ‘label.border’ ‘vertex.border’ ‘edge.lty’ ‘label.lty’
     ‘vertex.lty’ ‘edge.lwd’ ‘label.lwd’ ‘edge.len’ ‘edge.curve’
     ‘edge.steps’ ‘loop.steps’ ‘object.scale’ ‘uselen’ ‘usecurve’
     ‘suppress.axes’ ‘vertices.last’ ‘layout.par’ ‘cex.main’ ‘cex.sub’
     ‘seed’ ‘latent.control’ ‘colornames’ ‘latent’ ‘preserve.eattr’
    
    Documented arguments not in \usage in documentation object 'ergm_state':
     ‘nw’
    
    Documented arguments not in \usage in documentation object 'nodal_attributes-API':
     ‘l’
    
    Documented arguments not in \usage in documentation object 'summary.ergm_model':
     ‘response’
    
    Functions with \usage entries need to have the appropriate \alias
    entries, and all their arguments documented.
    The \usage entries must correspond to syntactically valid R code.
    See chapter ‘Writing R documentation files’ in the ‘Writing R
    Extensions’ manual.
Flavors: r-devel-linux-x86_64-fedora-clang, r-devel-linux-x86_64-fedora-gcc

Version: 4.5.0
Flags: --no-examples --no-tests --no-vignettes
Check: Rd \usage sections
Result: NOTE
    Documented arguments not in \usage in documentation object 'call.ErgmTerm':
     'A'
    
    Objects in \usage without \alias in documentation object 'ergm-defunct':
     'sociality'
    
    Documented arguments not in \usage in documentation object 'ergm-deprecated':
     'fname' 'varnames' 'vartypes' 'defaultvalues' 'required'
     'nw.bipartiteflag' 'requirement' 'extramessage' 'nw.directedflag' 'm'
     'response' 'new' 'from.new' 'model' 'proposal' 'eta0' 'control'
     'verbose' 'update.nws' 'Clist' 'prev.run' 'burnin' 'samplesize'
     'interval' 'maxedges' 'attrname' 'label' 'coord' 'jitter' 'thresh'
     'usearrows' 'mode' 'displayisolates' 'interactive' 'xlab' 'ylab'
     'xlim' 'ylim' 'pad' 'label.pad' 'displaylabels' 'boxed.labels'
     'label.pos' 'label.bg' 'vertex.sides' 'vertex.rot' 'arrowhead.cex'
     'label.cex' 'loop.cex' 'vertex.cex' 'edge.col' 'label.col'
     'vertex.col' 'label.border' 'vertex.border' 'edge.lty' 'label.lty'
     'vertex.lty' 'edge.lwd' 'label.lwd' 'edge.len' 'edge.curve'
     'edge.steps' 'loop.steps' 'object.scale' 'uselen' 'usecurve'
     'suppress.axes' 'vertices.last' 'layout.par' 'cex.main' 'cex.sub'
     'seed' 'latent.control' 'colornames' 'latent' 'preserve.eattr'
    
    Documented arguments not in \usage in documentation object 'ergm_state':
     'nw'
    
    Documented arguments not in \usage in documentation object 'nodal_attributes-API':
     'l'
    
    Documented arguments not in \usage in documentation object 'summary.ergm_model':
     'response'
    
    Functions with \usage entries need to have the appropriate \alias
    entries, and all their arguments documented.
    The \usage entries must correspond to syntactically valid R code.
    See chapter 'Writing R documentation files' in the 'Writing R
    Extensions' manual.
Flavor: r-devel-windows-x86_64

Version: 4.5.0
Flags: --no-vignettes
Check: whether package can be installed
Result: WARN
    Found the following significant warnings:
     Rd warning: no hsearch.rds meta data for package ergm
    See ‘/home/hornik/tmp/R.check/r-patched-gcc/Work/PKGS/ergm.Rcheck/00install.out’ for details.
    * used C compiler: ‘gcc-12 (Debian 12.3.0-9) 12.3.0’
Flavor: r-patched-linux-x86_64