CRAN Package Check Results for Package ergMargins

Last updated on 2021-12-01 03:55:27 CET.

Flavor Version Tinstall Tcheck Ttotal Status Flags
r-devel-linux-x86_64-debian-clang 0.1.3 5.01 38.21 43.22 OK
r-devel-linux-x86_64-debian-gcc 0.1.3 3.45 33.16 36.61 OK
r-devel-linux-x86_64-fedora-clang 0.1.3 62.97 NOTE
r-devel-linux-x86_64-fedora-gcc 0.1.3 51.67 NOTE
r-devel-windows-x86_64-new-UL 0.1.3 11.00 70.00 81.00 OK
r-devel-windows-x86_64-new-TK 0.1.3 NOTE
r-devel-windows-x86_64-old 0.1.3 9.00 41.00 50.00 OK
r-patched-linux-x86_64 0.1.3 5.62 36.13 41.75 OK
r-patched-solaris-x86 0.1.3 73.50 NOTE
r-release-linux-x86_64 0.1.3 4.81 37.24 42.05 OK
r-release-macos-arm64 0.1.3 NOTE
r-release-macos-x86_64 0.1.3 NOTE
r-release-windows-ix86+x86_64 0.1.3 10.00 41.00 51.00 OK
r-oldrel-macos-x86_64 0.1.3 NOTE
r-oldrel-windows-ix86+x86_64 0.1.3 7.00 48.00 55.00 OK

Check Details

Version: 0.1.3
Check: dependencies in R code
Result: NOTE
    Namespaces in Imports field not imported from:
     ‘methods’ ‘sna’ ‘statnet.common’
     All declared Imports should be used.
Flavors: r-devel-linux-x86_64-fedora-clang, r-devel-linux-x86_64-fedora-gcc, r-devel-windows-x86_64-new-TK, r-patched-solaris-x86, r-release-macos-arm64, r-release-macos-x86_64, r-oldrel-macos-x86_64

Version: 0.1.3
Check: Rd cross-references
Result: NOTE
    Undeclared package ‘margins’ in Rd xrefs
Flavor: r-devel-linux-x86_64-fedora-clang