CRAN Package Check Results for Package erer

Last updated on 2022-01-28 15:53:10 CET.

Flavor Version Tinstall Tcheck Ttotal Status Flags
r-devel-linux-x86_64-debian-clang 3.0 11.51 99.78 111.29 OK
r-devel-linux-x86_64-debian-gcc 3.0 9.99 76.80 86.79 OK
r-devel-linux-x86_64-fedora-clang 3.0 132.84 OK
r-devel-linux-x86_64-fedora-gcc 3.0 124.23 OK
r-devel-windows-x86_64-new-UL 3.0 76.00 125.00 201.00 OK
r-devel-windows-x86_64-new-TK 3.0 ERROR
r-patched-linux-x86_64 3.0 18.70 92.89 111.59 OK
r-release-linux-x86_64 3.0 12.62 92.59 105.21 OK
r-release-macos-arm64 3.0 OK
r-release-macos-x86_64 3.0 OK
r-release-windows-ix86+x86_64 3.0 25.00 118.00 143.00 OK
r-oldrel-macos-x86_64 3.0 OK
r-oldrel-windows-ix86+x86_64 3.0 25.00 121.00 146.00 OK

Check Details

Version: 3.0
Check: package dependencies
Result: ERROR
    Package required but not available: 'systemfit'
    
    See section 'The DESCRIPTION file' in the 'Writing R Extensions'
    manual.
Flavor: r-devel-windows-x86_64-new-TK