CRAN Package Check Results for Package equate

Last updated on 2022-05-20 03:55:45 CEST.

Flavor Version Tinstall Tcheck Ttotal Status Flags
r-devel-linux-x86_64-debian-clang 2.0.7 5.27 106.91 112.18 NOTE
r-devel-linux-x86_64-debian-gcc 2.0.7 4.61 76.23 80.84 NOTE
r-devel-linux-x86_64-fedora-clang 2.0.7 138.34 NOTE
r-devel-linux-x86_64-fedora-gcc 2.0.7 129.12 NOTE
r-devel-windows-x86_64 2.0.7 25.00 140.00 165.00 NOTE
r-patched-linux-x86_64 2.0.7 5.40 101.79 107.19 NOTE
r-release-linux-x86_64 2.0.7 5.62 101.65 107.27 NOTE
r-release-macos-arm64 2.0.7 47.00 NOTE
r-release-macos-x86_64 2.0.7 67.00 NOTE
r-release-windows-x86_64 2.0.7 13.00 141.00 154.00 NOTE
r-oldrel-macos-arm64 2.0.7 59.00 NOTE
r-oldrel-macos-x86_64 2.0.7 98.00 NOTE
r-oldrel-windows-ix86+x86_64 2.0.7 11.00 92.00 103.00 NOTE

Check Details

Version: 2.0.7
Check: Rd files
Result: NOTE
    checkRd: (7) presmoothing.Rd:108-109: \item in \value must have non-empty label
    checkRd: (7) presmoothing.Rd:109-110: \item in \value must have non-empty label
    checkRd: (7) presmoothing.Rd:110-112: \item in \value must have non-empty label
    checkRd: (7) presmoothing.Rd:112-113: \item in \value must have non-empty label
    checkRd: (7) presmoothing.Rd:113-115: \item in \value must have non-empty label
Flavors: r-devel-linux-x86_64-debian-clang, r-devel-linux-x86_64-debian-gcc, r-devel-linux-x86_64-fedora-clang, r-devel-linux-x86_64-fedora-gcc, r-devel-windows-x86_64

Version: 2.0.7
Check: files in ‘vignettes’
Result: NOTE
    The following files contain a license that requires
    distribution of original sources:
     'upgreek.sty'
    Please ensure that you have complied with it.
Flavors: r-devel-linux-x86_64-debian-clang, r-devel-linux-x86_64-debian-gcc, r-devel-linux-x86_64-fedora-clang, r-devel-linux-x86_64-fedora-gcc, r-devel-windows-x86_64, r-patched-linux-x86_64, r-release-linux-x86_64, r-release-macos-arm64, r-release-macos-x86_64, r-release-windows-x86_64, r-oldrel-macos-arm64, r-oldrel-macos-x86_64, r-oldrel-windows-ix86+x86_64