CRAN Package Check Results for Package equaltestMI

Last updated on 2022-08-13 04:57:46 CEST.

Flavor Version Tinstall Tcheck Ttotal Status Flags
r-devel-linux-x86_64-debian-clang 0.6.1 5.16 50.85 56.01 OK
r-devel-linux-x86_64-debian-gcc 0.6.1 3.58 39.33 42.91 OK
r-devel-linux-x86_64-fedora-clang 0.6.1 80.33 NOTE
r-devel-linux-x86_64-fedora-gcc 0.6.1 78.82 OK
r-devel-windows-x86_64 0.6.1 25.00 91.00 116.00 OK
r-patched-linux-x86_64 0.6.1 4.75 49.22 53.97 OK
r-release-linux-x86_64 0.6.1 3.98 49.06 53.04 OK
r-release-macos-arm64 0.6.1 26.00 OK
r-release-macos-x86_64 0.6.1 35.00 OK
r-release-windows-x86_64 0.6.1 19.00 90.00 109.00 OK
r-oldrel-macos-arm64 0.6.1 29.00 OK
r-oldrel-macos-x86_64 0.6.1 46.00 OK
r-oldrel-windows-ix86+x86_64 0.6.1 10.00 76.00 86.00 OK

Check Details

Version: 0.6.1
Check: Rd cross-references
Result: NOTE
    Undeclared package ‘OpenMx’ in Rd xrefs
Flavor: r-devel-linux-x86_64-fedora-clang