Last updated on 2023-05-30 16:00:31 CEST.
Flavor | Version | Tinstall | Tcheck | Ttotal | Status | Flags |
---|---|---|---|---|---|---|
r-devel-linux-x86_64-debian-clang | 1.1.0 | 11.00 | 93.43 | 104.43 | NOTE | |
r-devel-linux-x86_64-debian-gcc | 1.1.0 | 10.48 | 73.79 | 84.27 | NOTE | |
r-devel-linux-x86_64-fedora-clang | 1.1.0 | 134.15 | NOTE | |||
r-devel-linux-x86_64-fedora-gcc | 1.1.0 | 128.06 | NOTE | |||
r-devel-windows-x86_64 | 1.1.0 | 12.00 | 95.00 | 107.00 | NOTE | |
r-patched-linux-x86_64 | 1.1.0 | 11.15 | 90.29 | 101.44 | NOTE | |
r-release-linux-x86_64 | 1.1.0 | 11.08 | 90.71 | 101.79 | NOTE | |
r-release-macos-arm64 | 1.1.0 | 43.00 | NOTE | |||
r-release-macos-x86_64 | 1.1.0 | 63.00 | NOTE | |||
r-release-windows-x86_64 | 1.1.0 | 16.00 | 111.00 | 127.00 | NOTE | |
r-oldrel-macos-arm64 | 1.1.0 | 39.00 | NOTE | |||
r-oldrel-macos-x86_64 | 1.1.0 | 66.00 | NOTE | |||
r-oldrel-windows-x86_64 | 1.1.0 | 15.00 | 106.00 | 121.00 | NOTE |
Version: 1.1.0
Check: LazyData
Result: NOTE
'LazyData' is specified without a 'data' directory
Flavors: r-devel-linux-x86_64-debian-clang, r-devel-linux-x86_64-debian-gcc, r-devel-linux-x86_64-fedora-clang, r-devel-linux-x86_64-fedora-gcc, r-devel-windows-x86_64, r-patched-linux-x86_64, r-release-linux-x86_64, r-release-macos-arm64, r-release-macos-x86_64, r-release-windows-x86_64, r-oldrel-macos-arm64, r-oldrel-macos-x86_64, r-oldrel-windows-x86_64