CRAN Package Check Results for Package envoutliers

Last updated on 2022-05-16 15:53:11 CEST.

Flavor Version Tinstall Tcheck Ttotal Status Flags
r-devel-linux-x86_64-debian-clang 1.1.0 14.35 100.32 114.67 NOTE
r-devel-linux-x86_64-debian-gcc 1.1.0 9.52 75.85 85.37 NOTE
r-devel-linux-x86_64-fedora-clang 1.1.0 135.78 NOTE
r-devel-linux-x86_64-fedora-gcc 1.1.0 128.63 NOTE
r-devel-windows-x86_64 1.1.0 49.00 113.00 162.00 NOTE
r-patched-linux-x86_64 1.1.0 11.89 95.21 107.10 NOTE
r-release-linux-x86_64 1.1.0 12.18 96.31 108.49 NOTE
r-release-macos-arm64 1.1.0 39.00 NOTE
r-release-macos-x86_64 1.1.0 66.00 NOTE
r-release-windows-x86_64 1.1.0 48.00 124.00 172.00 NOTE
r-oldrel-macos-arm64 1.1.0 50.00 NOTE
r-oldrel-macos-x86_64 1.1.0 87.00 NOTE
r-oldrel-windows-ix86+x86_64 1.1.0 25.00 110.00 135.00 NOTE

Check Details

Version: 1.1.0
Check: LazyData
Result: NOTE
     'LazyData' is specified without a 'data' directory
Flavors: r-devel-linux-x86_64-debian-clang, r-devel-linux-x86_64-debian-gcc, r-devel-linux-x86_64-fedora-clang, r-devel-linux-x86_64-fedora-gcc, r-devel-windows-x86_64, r-patched-linux-x86_64, r-release-linux-x86_64, r-release-macos-arm64, r-release-macos-x86_64, r-release-windows-x86_64, r-oldrel-macos-arm64, r-oldrel-macos-x86_64, r-oldrel-windows-ix86+x86_64