Last updated on 2022-06-25 15:51:20 CEST.
Flavor | Version | Tinstall | Tcheck | Ttotal | Status | Flags |
---|---|---|---|---|---|---|
r-devel-linux-x86_64-debian-clang | 0.1.13 | 39.69 | 513.98 | 553.67 | OK | |
r-devel-linux-x86_64-debian-gcc | 0.1.13 | 35.87 | 384.05 | 419.92 | OK | |
r-devel-linux-x86_64-fedora-clang | 0.1.13 | 713.80 | WARN | |||
r-devel-linux-x86_64-fedora-gcc | 0.1.13 | 679.70 | WARN | |||
r-devel-windows-x86_64 | 0.1.13 | 42.00 | 536.00 | 578.00 | OK | |
r-patched-linux-x86_64 | 0.1.13 | 44.97 | 496.05 | 541.02 | OK | |
r-release-linux-x86_64 | 0.1.13 | 34.10 | 498.86 | 532.96 | OK | |
r-release-macos-arm64 | 0.1.13 | 233.00 | OK | |||
r-release-macos-x86_64 | 0.1.13 | 334.00 | OK | |||
r-release-windows-x86_64 | 0.1.13 | 44.00 | 522.00 | 566.00 | OK | |
r-oldrel-macos-arm64 | 0.1.13 | 225.00 | OK | |||
r-oldrel-macos-x86_64 | 0.1.13 | 251.00 | OK | |||
r-oldrel-windows-ix86+x86_64 | 0.1.13 | 92.00 | 546.00 | 638.00 | OK |
Version: 0.1.13
Check: package dependencies
Result: WARN
Requires (indirectly) orphaned package: ‘gtools’
Flavors: r-devel-linux-x86_64-fedora-clang, r-devel-linux-x86_64-fedora-gcc