CRAN Package Check Results for Package enetLTS

Last updated on 2021-08-05 15:52:37 CEST.

Flavor Version Tinstall Tcheck Ttotal Status Flags
r-devel-linux-x86_64-debian-clang 0.1.0 12.74 167.50 180.24 OK
r-devel-linux-x86_64-debian-gcc 0.1.0 10.24 123.51 133.75 OK
r-devel-linux-x86_64-fedora-clang 0.1.0 216.24 OK
r-devel-linux-x86_64-fedora-gcc 0.1.0 205.79 OK
r-devel-windows-x86_64 0.1.0 18.00 191.00 209.00 OK
r-devel-windows-x86_64-gcc10-UCRT 0.1.0 ERROR
r-patched-linux-x86_64 0.1.0 11.55 160.65 172.20 OK
r-patched-solaris-x86 0.1.0 263.50 OK
r-release-linux-x86_64 0.1.0 11.84 160.16 172.00 OK
r-release-macos-arm64 0.1.0 OK
r-release-macos-x86_64 0.1.0 OK
r-release-windows-ix86+x86_64 0.1.0 26.00 139.00 165.00 OK
r-oldrel-macos-x86_64 0.1.0 OK
r-oldrel-windows-ix86+x86_64 0.1.0 28.00 190.00 218.00 OK

Check Details

Version: 0.1.0
Check: package dependencies
Result: ERROR
    Packages required but not available: 'ggplot2', 'robustHD'
    
    See section 'The DESCRIPTION file' in the 'Writing R Extensions'
    manual.
Flavor: r-devel-windows-x86_64-gcc10-UCRT