CRAN Package Check Results for Package emstreeR

Last updated on 2022-09-24 15:55:19 CEST.

Flavor Version Tinstall Tcheck Ttotal Status Flags
r-devel-linux-x86_64-debian-clang 3.0.0 3.96 38.42 42.38 OK
r-devel-linux-x86_64-debian-gcc 3.0.0 3.24 28.96 32.20 OK
r-devel-linux-x86_64-fedora-clang 3.0.0 62.41 NOTE
r-devel-linux-x86_64-fedora-gcc 3.0.0 63.73 NOTE
r-devel-windows-x86_64 3.0.0 11.00 73.00 84.00 OK
r-patched-linux-x86_64 3.0.0 4.50 36.06 40.56 OK
r-release-linux-x86_64 3.0.0 3.71 35.23 38.94 OK
r-release-macos-arm64 3.0.0 19.00 NOTE
r-release-macos-x86_64 3.0.0 34.00 NOTE
r-release-windows-x86_64 3.0.0 14.00 61.00 75.00 OK
r-oldrel-macos-arm64 3.0.0 18.00 NOTE
r-oldrel-macos-x86_64 3.0.0 25.00 NOTE
r-oldrel-windows-ix86+x86_64 3.0.0 12.00 57.00 69.00 OK

Check Details

Version: 3.0.0
Check: dependencies in R code
Result: NOTE
    Namespace in Imports field not imported from: ‘BBmisc’
     All declared Imports should be used.
Flavors: r-devel-linux-x86_64-fedora-clang, r-devel-linux-x86_64-fedora-gcc, r-release-macos-arm64, r-release-macos-x86_64, r-oldrel-macos-arm64, r-oldrel-macos-x86_64