CRAN Package Check Results for Package empichar

Last updated on 2022-10-01 15:52:51 CEST.

Flavor Version Tinstall Tcheck Ttotal Status Flags
r-devel-linux-x86_64-debian-clang 1.0.0 32.35 31.26 63.61 NOTE
r-devel-linux-x86_64-debian-gcc 1.0.0 23.02 24.23 47.25 NOTE
r-devel-linux-x86_64-fedora-clang 1.0.0 100.68 NOTE
r-devel-linux-x86_64-fedora-gcc 1.0.0 92.42 NOTE
r-devel-windows-x86_64 1.0.0 36.00 80.00 116.00 NOTE
r-patched-linux-x86_64 1.0.0 29.28 29.55 58.83 NOTE
r-release-linux-x86_64 1.0.0 27.64 29.88 57.52 NOTE
r-release-macos-arm64 1.0.0 25.00 NOTE
r-release-macos-x86_64 1.0.0 33.00 NOTE
r-release-windows-x86_64 1.0.0 34.00 78.00 112.00 NOTE
r-oldrel-macos-arm64 1.0.0 27.00 NOTE
r-oldrel-macos-x86_64 1.0.0 46.00 NOTE
r-oldrel-windows-ix86+x86_64 1.0.0 79.00 85.00 164.00 NOTE

Check Details

Version: 1.0.0
Check: LazyData
Result: NOTE
     'LazyData' is specified without a 'data' directory
Flavors: r-devel-linux-x86_64-debian-clang, r-devel-linux-x86_64-debian-gcc, r-devel-linux-x86_64-fedora-clang, r-devel-linux-x86_64-fedora-gcc, r-devel-windows-x86_64, r-patched-linux-x86_64, r-release-linux-x86_64, r-release-macos-arm64, r-release-macos-x86_64, r-release-windows-x86_64, r-oldrel-macos-arm64, r-oldrel-macos-x86_64, r-oldrel-windows-ix86+x86_64