CRAN Package Check Results for Package emld

Last updated on 2022-06-26 15:52:58 CEST.

Flavor Version Tinstall Tcheck Ttotal Status Flags
r-devel-linux-x86_64-debian-clang 0.5.1 3.04 85.03 88.07 NOTE
r-devel-linux-x86_64-debian-gcc 0.5.1 2.59 62.73 65.32 NOTE
r-devel-linux-x86_64-fedora-clang 0.5.1 117.26 NOTE
r-devel-linux-x86_64-fedora-gcc 0.5.1 112.59 NOTE
r-devel-windows-x86_64 0.5.1 154.00 134.00 288.00 NOTE
r-patched-linux-x86_64 0.5.1 4.82 79.93 84.75 NOTE
r-release-linux-x86_64 0.5.1 4.18 80.38 84.56 NOTE
r-release-macos-arm64 0.5.1 64.00 NOTE
r-release-macos-x86_64 0.5.1 82.00 NOTE
r-release-windows-x86_64 0.5.1 138.00 135.00 273.00 NOTE
r-oldrel-macos-arm64 0.5.1 71.00 NOTE
r-oldrel-macos-x86_64 0.5.1 93.00 NOTE
r-oldrel-windows-ix86+x86_64 0.5.1 14.00 124.00 138.00 NOTE

Check Details

Version: 0.5.1
Check: LazyData
Result: NOTE
     'LazyData' is specified without a 'data' directory
Flavors: r-devel-linux-x86_64-debian-clang, r-devel-linux-x86_64-debian-gcc, r-devel-linux-x86_64-fedora-clang, r-devel-linux-x86_64-fedora-gcc, r-devel-windows-x86_64, r-patched-linux-x86_64, r-release-linux-x86_64, r-release-macos-arm64, r-release-macos-x86_64, r-release-windows-x86_64, r-oldrel-macos-arm64, r-oldrel-macos-x86_64, r-oldrel-windows-ix86+x86_64