CRAN Package Check Results for Package em

Last updated on 2024-04-13 03:52:17 CEST.

Flavor Version Tinstall Tcheck Ttotal Status Flags
r-devel-linux-x86_64-debian-clang 1.0.0 92.19 230.51 322.70 NOTE
r-devel-linux-x86_64-debian-gcc 1.0.0 69.40 697.99 767.39 NOTE
r-devel-linux-x86_64-fedora-clang 1.0.0 591.21 NOTE
r-devel-linux-x86_64-fedora-gcc 1.0.0 575.59 NOTE
r-devel-windows-x86_64 1.0.0 74.00 269.00 343.00 NOTE
r-patched-linux-x86_64 1.0.0 81.90 743.37 825.27 NOTE
r-release-linux-x86_64 1.0.0 86.46 698.13 784.59 NOTE
r-release-macos-arm64 1.0.0 132.00 NOTE
r-release-macos-x86_64 1.0.0 215.00 NOTE
r-release-windows-x86_64 1.0.0 89.00 277.00 366.00 NOTE
r-oldrel-macos-arm64 1.0.0 99.00 OK
r-oldrel-windows-x86_64 1.0.0 89.00 273.00 362.00 OK

Check Details

Version: 1.0.0
Check: C++ specification
Result: NOTE Specified C++11: please drop specification unless essential Flavors: r-devel-linux-x86_64-debian-clang, r-devel-linux-x86_64-debian-gcc, r-devel-linux-x86_64-fedora-clang, r-devel-linux-x86_64-fedora-gcc, r-devel-windows-x86_64, r-patched-linux-x86_64, r-release-linux-x86_64, r-release-macos-arm64, r-release-macos-x86_64, r-release-windows-x86_64

Version: 1.0.0
Check: Rd files
Result: NOTE checkRd: (-1) em.Rd:25: Lost braces 25 | \code{terms} the code{terms} object used. | ^ checkRd: (-1) em.clogit.Rd:65: Lost braces 65 | \code{terms} the code{terms} object used. | ^ checkRd: (-1) em.default.Rd:65: Lost braces 65 | \code{terms} the code{terms} object used. | ^ checkRd: (-1) em.fitdist.Rd:49: Lost braces 49 | \code{terms} the code{terms} object used. | ^ checkRd: (-1) em.glmerMod.Rd:50: Lost braces 50 | \code{terms} the code{terms} object used. | ^ checkRd: (-1) em.panelmodel.Rd:49: Lost braces 49 | \code{terms} the code{terms} object used. | ^ Flavors: r-devel-linux-x86_64-debian-clang, r-devel-linux-x86_64-debian-gcc, r-devel-linux-x86_64-fedora-clang, r-devel-linux-x86_64-fedora-gcc, r-devel-windows-x86_64, r-patched-linux-x86_64