Last updated on 2023-06-07 04:03:58 CEST.
Flavor | Version | Tinstall | Tcheck | Ttotal | Status | Flags |
---|---|---|---|---|---|---|
r-devel-linux-x86_64-debian-clang | 1.0.0 | 84.08 | 414.10 | 498.18 | NOTE | |
r-devel-linux-x86_64-debian-gcc | 1.0.0 | 69.07 | 510.65 | 579.72 | NOTE | |
r-devel-linux-x86_64-fedora-clang | 1.0.0 | 528.27 | NOTE | |||
r-devel-linux-x86_64-fedora-gcc | 1.0.0 | 595.98 | NOTE | |||
r-devel-windows-x86_64 | 1.0.0 | 71.00 | 277.00 | 348.00 | NOTE | |
r-patched-linux-x86_64 | 1.0.0 | 73.22 | 540.08 | 613.30 | NOTE | |
r-release-linux-x86_64 | 1.0.0 | 74.70 | 518.70 | 593.40 | NOTE | |
r-release-macos-arm64 | 1.0.0 | 132.00 | NOTE | |||
r-release-macos-x86_64 | 1.0.0 | 215.00 | NOTE | |||
r-release-windows-x86_64 | 1.0.0 | 86.00 | 292.00 | 378.00 | NOTE | |
r-oldrel-macos-arm64 | 1.0.0 | 99.00 | OK | |||
r-oldrel-macos-x86_64 | 1.0.0 | 147.00 | OK | |||
r-oldrel-windows-x86_64 | 1.0.0 | 85.00 | 278.00 | 363.00 | OK |
Version: 1.0.0
Check: C++ specification
Result: NOTE
Specified C++11: please drop specification unless essential
Flavors: r-devel-linux-x86_64-debian-clang, r-devel-linux-x86_64-debian-gcc, r-devel-linux-x86_64-fedora-clang, r-devel-linux-x86_64-fedora-gcc, r-devel-windows-x86_64, r-patched-linux-x86_64, r-release-linux-x86_64, r-release-macos-arm64, r-release-macos-x86_64, r-release-windows-x86_64