CRAN Package Check Results for Package elasso

Last updated on 2022-01-22 03:56:43 CET.

Flavor Version Tinstall Tcheck Ttotal Status Flags
r-devel-linux-x86_64-debian-clang 1.1 7.75 75.06 82.81 NOTE
r-devel-linux-x86_64-debian-gcc 1.1 4.75 56.93 61.68 NOTE
r-devel-linux-x86_64-fedora-clang 1.1 99.89 NOTE
r-devel-linux-x86_64-fedora-gcc 1.1 88.98 NOTE
r-devel-windows-x86_64-new-UL 1.1 18.00 88.00 106.00 NOTE
r-devel-windows-x86_64-new-TK 1.1 NOTE
r-patched-linux-x86_64 1.1 7.39 71.31 78.70 NOTE
r-release-linux-x86_64 1.1 7.15 71.03 78.18 NOTE
r-release-macos-arm64 1.1 NOTE
r-release-macos-x86_64 1.1 NOTE
r-release-windows-ix86+x86_64 1.1 16.00 86.00 102.00 NOTE
r-oldrel-macos-x86_64 1.1 OK
r-oldrel-windows-ix86+x86_64 1.1 17.00 84.00 101.00 OK

Check Details

Version: 1.1
Check: LazyData
Result: NOTE
     'LazyData' is specified without a 'data' directory
Flavors: r-devel-linux-x86_64-debian-clang, r-devel-linux-x86_64-debian-gcc, r-devel-linux-x86_64-fedora-clang, r-devel-linux-x86_64-fedora-gcc, r-devel-windows-x86_64-new-UL, r-devel-windows-x86_64-new-TK, r-patched-linux-x86_64, r-release-linux-x86_64, r-release-macos-arm64, r-release-macos-x86_64, r-release-windows-ix86+x86_64