CRAN Package Check Results for Package eicm

Last updated on 2022-01-27 04:05:20 CET.

Flavor Version Tinstall Tcheck Ttotal Status Flags
r-devel-linux-x86_64-debian-clang 1.0.1 10.36 221.82 232.18 OK
r-devel-linux-x86_64-debian-gcc 1.0.1 7.49 159.85 167.34 OK
r-devel-linux-x86_64-fedora-clang 1.0.1 269.39 NOTE
r-devel-linux-x86_64-fedora-gcc 1.0.1 267.63 NOTE
r-devel-windows-x86_64-new-UL 1.0.1 55.00 336.00 391.00 OK
r-devel-windows-x86_64-new-TK 1.0.1 NOTE
r-patched-linux-x86_64 1.0.1 7.67 198.63 206.30 OK
r-release-linux-x86_64 1.0.1 8.89 203.92 212.81 OK
r-release-macos-arm64 1.0.1 NOTE
r-release-macos-x86_64 1.0.1 NOTE
r-release-windows-ix86+x86_64 1.0.1 24.00 352.00 376.00 OK
r-oldrel-macos-x86_64 1.0.1 NOTE
r-oldrel-windows-ix86+x86_64 1.0.1 24.00 349.00 373.00 OK

Check Details

Version: 1.0.1
Check: dependencies in R code
Result: NOTE
    Namespace in Imports field not imported from: ‘snow’
     All declared Imports should be used.
Flavors: r-devel-linux-x86_64-fedora-clang, r-devel-linux-x86_64-fedora-gcc, r-devel-windows-x86_64-new-TK, r-release-macos-arm64, r-release-macos-x86_64, r-oldrel-macos-x86_64