CRAN Package Check Results for Package eemR

Last updated on 2024-07-23 03:57:22 CEST.

Flavor Version Tinstall Tcheck Ttotal Status Flags
r-devel-linux-x86_64-debian-clang 1.0.1 7.93 85.90 93.83 OK
r-devel-linux-x86_64-debian-gcc 1.0.1 5.49 65.61 71.10 NOTE
r-devel-linux-x86_64-fedora-clang 1.0.1 119.51 OK
r-devel-linux-x86_64-fedora-gcc 1.0.1 124.39 OK
r-devel-windows-x86_64 1.0.1 8.00 131.00 139.00 NOTE
r-patched-linux-x86_64 1.0.1 11.67 84.00 95.67 OK
r-release-linux-x86_64 1.0.1 6.42 81.15 87.57 OK
r-release-macos-arm64 1.0.1 44.00 OK
r-release-macos-x86_64 1.0.1 66.00 OK
r-release-windows-x86_64 1.0.1 8.00 108.00 116.00 OK
r-oldrel-macos-arm64 1.0.1 44.00 OK
r-oldrel-macos-x86_64 1.0.1 66.00 OK
r-oldrel-windows-x86_64 1.0.1 11.00 153.00 164.00 OK

Check Details

Version: 1.0.1
Check: Rd cross-references
Result: NOTE Found the following Rd file(s) with Rd \link{} targets missing package anchors: eem_biological_index.Rd: interp2 eem_coble_peaks.Rd: interp2 eem_fluorescence_index.Rd: interp2 eem_humification_index.Rd: interp2 eem_peaks.Rd: interp2 Please provide package anchors for all Rd \link{} targets not in the package itself and the base packages. Flavors: r-devel-linux-x86_64-debian-gcc, r-devel-windows-x86_64