CRAN Package Check Results for Package edl

Last updated on 2023-01-31 04:06:17 CET.

Flavor Version Tinstall Tcheck Ttotal Status Flags
r-devel-linux-x86_64-debian-clang 1.1 3.89 97.51 101.40 OK
r-devel-linux-x86_64-debian-gcc 1.1 3.16 68.10 71.26 OK
r-devel-linux-x86_64-fedora-clang 1.1 118.56 NOTE
r-devel-linux-x86_64-fedora-gcc 1.1 127.20 OK
r-devel-windows-x86_64 1.1 20.00 132.00 152.00 OK
r-patched-linux-x86_64 1.1 4.70 88.48 93.18 OK
r-release-linux-x86_64 1.1 4.50 89.16 93.66 OK
r-release-macos-arm64 1.1 31.00 OK
r-release-macos-x86_64 1.1 46.00 OK
r-release-windows-x86_64 1.1 25.00 132.00 157.00 OK
r-oldrel-macos-arm64 1.1 31.00 OK
r-oldrel-macos-x86_64 1.1 48.00 OK
r-oldrel-windows-ix86+x86_64 1.1 9.00 116.00 125.00 OK

Check Details

Version: 1.1
Check: Rd cross-references
Result: NOTE
    Undeclared package ‘ndl’ in Rd xrefs
Flavor: r-devel-linux-x86_64-fedora-clang