CRAN Package Check Results for Package edgebundleR

Last updated on 2022-06-30 03:53:22 CEST.

Flavor Version Tinstall Tcheck Ttotal Status Flags
r-devel-linux-x86_64-debian-clang 0.1.4 4.48 40.28 44.76 NOTE
r-devel-linux-x86_64-debian-gcc 0.1.4 3.31 31.06 34.37 NOTE
r-devel-linux-x86_64-fedora-clang 0.1.4 63.78 NOTE
r-devel-linux-x86_64-fedora-gcc 0.1.4 62.17 NOTE
r-devel-windows-x86_64 0.1.4 32.00 65.00 97.00 NOTE
r-patched-linux-x86_64 0.1.4 3.24 38.95 42.19 NOTE
r-release-linux-x86_64 0.1.4 3.24 40.33 43.57 NOTE
r-release-macos-arm64 0.1.4 23.00 NOTE
r-release-macos-x86_64 0.1.4 39.00 NOTE
r-release-windows-x86_64 0.1.4 30.00 66.00 96.00 NOTE
r-oldrel-macos-arm64 0.1.4 25.00 NOTE
r-oldrel-macos-x86_64 0.1.4 47.00 NOTE
r-oldrel-windows-ix86+x86_64 0.1.4 12.00 57.00 69.00 NOTE

Check Details

Version: 0.1.4
Check: LazyData
Result: NOTE
     'LazyData' is specified without a 'data' directory
Flavors: r-devel-linux-x86_64-debian-clang, r-devel-linux-x86_64-debian-gcc, r-devel-linux-x86_64-fedora-clang, r-devel-linux-x86_64-fedora-gcc, r-devel-windows-x86_64, r-patched-linux-x86_64, r-release-linux-x86_64, r-release-macos-arm64, r-release-macos-x86_64, r-release-windows-x86_64, r-oldrel-macos-arm64, r-oldrel-macos-x86_64, r-oldrel-windows-ix86+x86_64