CRAN Package Check Results for Package ecospat

Last updated on 2021-12-06 03:52:57 CET.

Flavor Version Tinstall Tcheck Ttotal Status Flags
r-devel-linux-x86_64-debian-clang 3.2 47.87 463.75 511.62 ERROR
r-devel-linux-x86_64-debian-gcc 3.2 38.74 349.45 388.19 ERROR
r-devel-linux-x86_64-fedora-clang 3.2 632.53 ERROR
r-devel-linux-x86_64-fedora-gcc 3.2 656.27 ERROR
r-devel-windows-x86_64-new-UL 3.2 89.00 586.00 675.00 ERROR
r-devel-windows-x86_64-new-TK 3.2 ERROR
r-devel-windows-x86_64-old 3.2 90.00 388.00 478.00 ERROR
r-patched-linux-x86_64 3.2 55.25 493.21 548.46 OK
r-release-linux-x86_64 3.2 52.94 500.66 553.60 OK
r-release-macos-arm64 3.2 NOTE
r-release-macos-x86_64 3.2 NOTE
r-release-windows-ix86+x86_64 3.2 127.00 646.00 773.00 OK
r-oldrel-macos-x86_64 3.2 NOTE
r-oldrel-windows-ix86+x86_64 3.2 135.00 672.00 807.00 OK

Additional issues

M1mac

Check Details

Version: 3.2
Check: examples
Result: ERROR
    Running examples in 'ecospat-Ex.R' failed
    The error most likely occurred in:
    
    > base::assign(".ptime", proc.time(), pos = "CheckExEnv")
    > ### Name: ecospat.caleval
    > ### Title: Calibration And Evaluation Dataset
    > ### Aliases: ecospat.caleval
    >
    > ### ** Examples
    >
    > data <- ecospat.testData
    > caleval <- ecospat.caleval (data = ecospat.testData[53], xy = data[2:3], row.num = 1:nrow(data),
    + nrep = 2, ratio = 0.7, disaggregate = 0.2, pseudoabs = 100, npres = 10, replace = FALSE)
    Error in which(as.vector(data) == 1) :
     'list' object cannot be coerced to type 'double'
    Calls: ecospat.caleval -> sample -> which
    Execution halted
Flavors: r-devel-linux-x86_64-debian-clang, r-devel-linux-x86_64-debian-gcc

Version: 3.2
Check: re-building of vignette outputs
Result: WARN
    Error(s) in re-building vignettes:
     ...
    --- re-building 'vignette_ecospat_package.Rmd' using rmarkdown
    Quitting from lines 328-334 (vignette_ecospat_package.Rmd)
    Error: processing vignette 'vignette_ecospat_package.Rmd' failed with diagnostics:
    'list' object cannot be coerced to type 'double'
    --- failed re-building 'vignette_ecospat_package.Rmd'
    
    SUMMARY: processing the following file failed:
     'vignette_ecospat_package.Rmd'
    
    Error: Vignette re-building failed.
    Execution halted
Flavors: r-devel-linux-x86_64-debian-clang, r-devel-linux-x86_64-debian-gcc

Version: 3.2
Check: package dependencies
Result: NOTE
    Imports includes 22 non-default packages.
    Importing from so many packages makes the package vulnerable to any of
    them becoming unavailable. Move as many as possible to Suggests and
    use conditionally.
Flavor: r-devel-linux-x86_64-fedora-clang

Version: 3.2
Check: dependencies in R code
Result: NOTE
    Namespace in Imports field not imported from: ‘maps’
     All declared Imports should be used.
Flavors: r-devel-linux-x86_64-fedora-clang, r-devel-linux-x86_64-fedora-gcc, r-devel-windows-x86_64-new-TK, r-release-macos-arm64, r-release-macos-x86_64, r-oldrel-macos-x86_64

Version: 3.2
Check: examples
Result: ERROR
    Running examples in ‘ecospat-Ex.R’ failed
    The error most likely occurred in:
    
    > ### Name: ecospat.caleval
    > ### Title: Calibration And Evaluation Dataset
    > ### Aliases: ecospat.caleval
    >
    > ### ** Examples
    >
    > data <- ecospat.testData
    > caleval <- ecospat.caleval (data = ecospat.testData[53], xy = data[2:3], row.num = 1:nrow(data),
    + nrep = 2, ratio = 0.7, disaggregate = 0.2, pseudoabs = 100, npres = 10, replace = FALSE)
    Error in which(as.vector(data) == 1) :
     'list' object cannot be coerced to type 'double'
    Calls: ecospat.caleval -> sample -> which
    Execution halted
Flavors: r-devel-linux-x86_64-fedora-clang, r-devel-linux-x86_64-fedora-gcc, r-devel-windows-x86_64-new-UL, r-devel-windows-x86_64-new-TK, r-devel-windows-x86_64-old

Version: 3.2
Check: re-building of vignette outputs
Result: WARN
    Error(s) in re-building vignettes:
    --- re-building ‘vignette_ecospat_package.Rmd’ using rmarkdown
    Quitting from lines 328-334 (vignette_ecospat_package.Rmd)
    Error: processing vignette 'vignette_ecospat_package.Rmd' failed with diagnostics:
    'list' object cannot be coerced to type 'double'
    --- failed re-building ‘vignette_ecospat_package.Rmd’
    
    SUMMARY: processing the following file failed:
     ‘vignette_ecospat_package.Rmd’
    
    Error: Vignette re-building failed.
    Execution halted
Flavors: r-devel-linux-x86_64-fedora-clang, r-devel-linux-x86_64-fedora-gcc, r-devel-windows-x86_64-new-UL, r-devel-windows-x86_64-new-TK, r-devel-windows-x86_64-old