CRAN Package Check Results for Package eclust

Last updated on 2022-10-02 15:54:24 CEST.

Flavor Version Tinstall Tcheck Ttotal Status Flags
r-devel-linux-x86_64-debian-clang 0.1.0 7.88 197.31 205.19 OK
r-devel-linux-x86_64-debian-gcc 0.1.0 5.64 128.04 133.68 OK
r-devel-linux-x86_64-fedora-clang 0.1.0 260.83 NOTE
r-devel-linux-x86_64-fedora-gcc 0.1.0 250.42 NOTE
r-devel-windows-x86_64 0.1.0 17.00 268.00 285.00 OK
r-patched-linux-x86_64 0.1.0 8.54 185.58 194.12 OK
r-release-linux-x86_64 0.1.0 5.05 193.09 198.14 OK
r-release-macos-arm64 0.1.0 88.00 NOTE
r-release-macos-x86_64 0.1.0 176.00 NOTE
r-release-windows-x86_64 0.1.0 15.00 271.00 286.00 OK
r-oldrel-macos-arm64 0.1.0 112.00 NOTE
r-oldrel-macos-x86_64 0.1.0 127.00 NOTE
r-oldrel-windows-ix86+x86_64 0.1.0 16.00 292.00 308.00 OK

Check Details

Version: 0.1.0
Check: dependencies in R code
Result: NOTE
    Namespace in Imports field not imported from: ‘pander’
     All declared Imports should be used.
Flavors: r-devel-linux-x86_64-fedora-clang, r-devel-linux-x86_64-fedora-gcc, r-release-macos-arm64, r-release-macos-x86_64, r-oldrel-macos-arm64, r-oldrel-macos-x86_64