CRAN Package Check Results for Package eatRep

Last updated on 2021-12-06 03:52:57 CET.

Flavor Version Tinstall Tcheck Ttotal Status Flags
r-devel-linux-x86_64-debian-clang 0.13.7 18.44 291.64 310.08 OK
r-devel-linux-x86_64-debian-gcc 0.13.7 14.42 213.20 227.62 OK
r-devel-linux-x86_64-fedora-clang 0.13.7 371.14 NOTE
r-devel-linux-x86_64-fedora-gcc 0.13.7 352.43 NOTE
r-devel-windows-x86_64-new-UL 0.13.7 32.00 346.00 378.00 OK
r-devel-windows-x86_64-new-TK 0.13.7 NOTE
r-devel-windows-x86_64-old 0.13.7 28.00 248.00 276.00 OK
r-patched-linux-x86_64 0.13.7 18.57 276.21 294.78 OK
r-release-linux-x86_64 0.13.7 16.38 281.98 298.36 OK
r-release-macos-arm64 0.13.7 NOTE
r-release-macos-x86_64 0.13.7 NOTE
r-release-windows-ix86+x86_64 0.13.7 34.00 342.00 376.00 OK
r-oldrel-macos-x86_64 0.13.7 NOTE
r-oldrel-windows-ix86+x86_64 0.13.7 43.00 330.00 373.00 OK

Check Details

Version: 0.13.7
Check: dependencies in R code
Result: NOTE
    Namespace in Imports field not imported from: ‘estimatr’
     All declared Imports should be used.
Flavors: r-devel-linux-x86_64-fedora-clang, r-devel-linux-x86_64-fedora-gcc, r-devel-windows-x86_64-new-TK, r-release-macos-arm64, r-release-macos-x86_64, r-oldrel-macos-x86_64