CRAN Package Check Results for Package easycsv

Last updated on 2022-12-08 04:06:28 CET.

Flavor Version Tinstall Tcheck Ttotal Status Flags
r-devel-linux-x86_64-debian-clang 1.0.8 2.52 30.21 32.73 NOTE
r-devel-linux-x86_64-debian-gcc 1.0.8 2.23 23.12 25.35 NOTE
r-devel-linux-x86_64-fedora-clang 1.0.8 52.25 NOTE
r-devel-linux-x86_64-fedora-gcc 1.0.8 61.67 NOTE
r-devel-windows-x86_64 1.0.8 14.00 57.00 71.00 NOTE
r-patched-linux-x86_64 1.0.8 2.50 27.43 29.93 NOTE
r-release-linux-x86_64 1.0.8 2.27 36.19 38.46 NOTE
r-release-macos-arm64 1.0.8 20.00 NOTE
r-release-macos-x86_64 1.0.8 36.00 NOTE
r-release-windows-x86_64 1.0.8 14.00 82.00 96.00 NOTE
r-oldrel-macos-arm64 1.0.8 31.00 NOTE
r-oldrel-macos-x86_64 1.0.8 39.00 NOTE
r-oldrel-windows-ix86+x86_64 1.0.8 6.00 51.00 57.00 NOTE

Check Details

Version: 1.0.8
Check: LazyData
Result: NOTE
     'LazyData' is specified without a 'data' directory
Flavors: r-devel-linux-x86_64-debian-clang, r-devel-linux-x86_64-debian-gcc, r-devel-linux-x86_64-fedora-clang, r-devel-linux-x86_64-fedora-gcc, r-devel-windows-x86_64, r-patched-linux-x86_64, r-release-linux-x86_64, r-release-macos-arm64, r-release-macos-x86_64, r-release-windows-x86_64, r-oldrel-macos-arm64, r-oldrel-macos-x86_64, r-oldrel-windows-ix86+x86_64

Version: 1.0.8
Check: for non-standard things in the check directory
Result: NOTE
    Found the following files/directories:
     'example_table1.csv' 'example_table1.txt' 'example_table2.csv'
     'example_table2.txt' 'example_table3.csv' 'example_table3.txt'
     'table1.csv' 'table2.csv' 'table2.txt' 'table3.txt' 'table4.txt'
Flavors: r-devel-linux-x86_64-debian-clang, r-devel-linux-x86_64-debian-gcc, r-devel-linux-x86_64-fedora-clang, r-devel-linux-x86_64-fedora-gcc, r-patched-linux-x86_64, r-release-linux-x86_64