CRAN Package Check Results for Package easycensus

Last updated on 2022-10-07 03:55:52 CEST.

Flavor Version Tinstall Tcheck Ttotal Status Flags
r-devel-linux-x86_64-debian-clang 1.0.0 7.53 64.50 72.03 OK
r-devel-linux-x86_64-debian-gcc 1.0.0 5.11 47.02 52.13 OK
r-devel-linux-x86_64-fedora-clang 1.0.0 101.10 NOTE
r-devel-linux-x86_64-fedora-gcc 1.0.0 96.73 NOTE
r-devel-windows-x86_64 1.0.0 31.00 91.00 122.00 OK
r-patched-linux-x86_64 1.0.0 10.21 56.70 66.91 OK
r-release-linux-x86_64 1.0.0 5.13 58.88 64.01 OK
r-release-macos-arm64 1.0.0 27.00 NOTE
r-release-macos-x86_64 1.0.0 39.00 NOTE
r-release-windows-x86_64 1.0.0 37.00 90.00 127.00 OK
r-oldrel-macos-arm64 1.0.0 28.00 NOTE
r-oldrel-macos-x86_64 1.0.0 42.00 NOTE
r-oldrel-windows-ix86+x86_64 1.0.0 16.00 98.00 114.00 OK

Check Details

Version: 1.0.0
Check: data for non-ASCII characters
Result: NOTE
     Note: found 10 marked UTF-8 strings
Flavors: r-devel-linux-x86_64-fedora-clang, r-devel-linux-x86_64-fedora-gcc, r-release-macos-arm64, r-release-macos-x86_64, r-oldrel-macos-arm64, r-oldrel-macos-x86_64