Last updated on 2022-06-25 15:51:19 CEST.
Flavor | Version | Tinstall | Tcheck | Ttotal | Status | Flags |
---|---|---|---|---|---|---|
r-devel-linux-x86_64-debian-clang | 0.0.12 | 50.65 | 101.76 | 152.41 | OK | |
r-devel-linux-x86_64-debian-gcc | 0.0.12 | 40.12 | 75.80 | 115.92 | OK | |
r-devel-linux-x86_64-fedora-clang | 0.0.12 | 230.81 | OK | |||
r-devel-linux-x86_64-fedora-gcc | 0.0.12 | 219.70 | OK | |||
r-devel-windows-x86_64 | 0.0.12 | 61.00 | 126.00 | 187.00 | OK | |
r-patched-linux-x86_64 | 0.0.12 | 47.54 | 98.79 | 146.33 | OK | |
r-release-linux-x86_64 | 0.0.12 | 48.30 | 96.64 | 144.94 | OK | |
r-release-macos-arm64 | 0.0.12 | 51.00 | NOTE | |||
r-release-macos-x86_64 | 0.0.12 | 70.00 | NOTE | |||
r-release-windows-x86_64 | 0.0.12 | 66.00 | 130.00 | 196.00 | OK | |
r-oldrel-macos-arm64 | 0.0.12 | 51.00 | NOTE | |||
r-oldrel-macos-x86_64 | 0.0.12 | 77.00 | NOTE | |||
r-oldrel-windows-ix86+x86_64 | 0.0.12 | 120.00 | 169.00 | 289.00 | OK |
Version: 0.0.12
Check: installed package size
Result: NOTE
installed size is 6.7Mb
sub-directories of 1Mb or more:
R 2.2Mb
libs 4.1Mb
Flavors: r-release-macos-arm64, r-release-macos-x86_64, r-oldrel-macos-arm64, r-oldrel-macos-x86_64