CRAN Package Check Results for Package earlywarnings

Last updated on 2024-07-14 03:55:08 CEST.

Flavor Version Tinstall Tcheck Ttotal Status Flags
r-devel-linux-x86_64-debian-clang 1.1.29 13.94 109.31 123.25 NOTE
r-devel-linux-x86_64-debian-gcc 1.1.29 10.05 79.98 90.03 NOTE
r-devel-linux-x86_64-fedora-clang 1.1.29 151.18 NOTE
r-devel-linux-x86_64-fedora-gcc 1.1.29 158.64 NOTE
r-devel-windows-x86_64 1.1.29 12.00 94.00 106.00 NOTE
r-patched-linux-x86_64 1.1.29 12.84 101.93 114.77 NOTE
r-release-linux-x86_64 1.1.29 10.43 104.87 115.30 NOTE
r-release-macos-arm64 1.1.29 49.00 NOTE
r-release-macos-x86_64 1.1.29 87.00 NOTE
r-release-windows-x86_64 1.1.29 12.00 95.00 107.00 NOTE
r-oldrel-macos-arm64 1.1.29 48.00 OK
r-oldrel-macos-x86_64 1.1.29 82.00 OK
r-oldrel-windows-x86_64 1.1.29 16.00 113.00 129.00 OK

Check Details

Version: 1.1.29
Check: Rd files
Result: NOTE checkRd: (-1) surrogates_ews.Rd:31: Lost braces 31 | \item{span}{parameter that controls the degree of smoothing (numeric between 0 and 100, Default 25). see more on loess{stats}} | ^ checkRd: (-1) surrogates_ews.Rd:33: Lost braces 33 | \item{degree}{the degree of polynomial to be used for when loess fitting is applied, normally 1 or 2 (Default). see more on loess{stats}} | ^ Flavors: r-devel-linux-x86_64-debian-clang, r-devel-linux-x86_64-debian-gcc, r-devel-linux-x86_64-fedora-clang, r-devel-linux-x86_64-fedora-gcc, r-devel-windows-x86_64, r-patched-linux-x86_64, r-release-linux-x86_64, r-release-macos-arm64, r-release-macos-x86_64, r-release-windows-x86_64

Version: 1.1.29
Check: dependencies in R code
Result: NOTE Namespace in Imports field not imported from: ‘knitr’ All declared Imports should be used. Flavors: r-devel-linux-x86_64-fedora-clang, r-devel-linux-x86_64-fedora-gcc