CRAN Package Check Results for Package eChem

Last updated on 2022-01-23 02:56:09 CET.

Flavor Version Tinstall Tcheck Ttotal Status Flags
r-devel-linux-x86_64-debian-clang 1.0.0 3.37 82.24 85.61 NOTE
r-devel-linux-x86_64-debian-gcc 1.0.0 4.03 63.90 67.93 NOTE
r-devel-linux-x86_64-fedora-clang 1.0.0 108.78 NOTE
r-devel-linux-x86_64-fedora-gcc 1.0.0 97.30 NOTE
r-devel-windows-x86_64-new-UL 1.0.0 33.00 177.00 210.00 NOTE
r-devel-windows-x86_64-new-TK 1.0.0 NOTE
r-patched-linux-x86_64 1.0.0 5.06 81.69 86.75 NOTE
r-release-linux-x86_64 1.0.0 5.84 81.25 87.09 NOTE
r-release-macos-arm64 1.0.0 NOTE
r-release-macos-x86_64 1.0.0 NOTE
r-release-windows-ix86+x86_64 1.0.0 9.00 131.00 140.00 NOTE
r-oldrel-macos-x86_64 1.0.0 OK
r-oldrel-windows-ix86+x86_64 1.0.0 11.00 150.00 161.00 OK

Check Details

Version: 1.0.0
Check: LazyData
Result: NOTE
     'LazyData' is specified without a 'data' directory
Flavors: r-devel-linux-x86_64-debian-clang, r-devel-linux-x86_64-debian-gcc, r-devel-linux-x86_64-fedora-clang, r-devel-linux-x86_64-fedora-gcc, r-devel-windows-x86_64-new-UL, r-devel-windows-x86_64-new-TK, r-patched-linux-x86_64, r-release-linux-x86_64, r-release-macos-arm64, r-release-macos-x86_64, r-release-windows-ix86+x86_64