CRAN Package Check Results for Package dynlm

Last updated on 2021-12-05 15:48:40 CET.

Flavor Version Tinstall Tcheck Ttotal Status Flags
r-devel-linux-x86_64-debian-clang 0.3-6 3.30 39.28 42.58 OK
r-devel-linux-x86_64-debian-gcc 0.3-6 2.37 30.91 33.28 OK
r-devel-linux-x86_64-fedora-clang 0.3-6 53.26 OK
r-devel-linux-x86_64-fedora-gcc 0.3-6 41.87 OK
r-devel-windows-x86_64-new-UL 0.3-6 9.00 70.00 79.00 OK
r-devel-windows-x86_64-new-TK 0.3-6 OK
r-devel-windows-x86_64-old 0.3-6 7.00 38.00 45.00 OK
r-patched-linux-x86_64 0.3-6 2.76 29.86 32.62 OK
r-release-linux-x86_64 0.3-6 2.98 37.62 40.60 OK
r-release-macos-arm64 0.3-6 OK
r-release-macos-x86_64 0.3-6 OK
r-release-windows-ix86+x86_64 0.3-6 9.00 49.00 58.00 OK
r-oldrel-macos-x86_64 0.3-6 NOTE
r-oldrel-windows-ix86+x86_64 0.3-6 8.00 50.00 58.00 OK

Check Details

Version: 0.3-6
Check: package dependencies
Result: NOTE
    Package suggested but not available for checking: ‘TSA’
Flavor: r-oldrel-macos-x86_64