CRAN Package Check Results for Package dwp

Last updated on 2022-09-30 04:59:07 CEST.

Flavor Version Tinstall Tcheck Ttotal Status Flags
r-devel-linux-x86_64-debian-clang 1.0 7.13 56.38 63.51 OK
r-devel-linux-x86_64-debian-gcc 1.0 7.32 42.67 49.99 OK
r-devel-linux-x86_64-fedora-clang 1.0 93.32 NOTE
r-devel-linux-x86_64-fedora-gcc 1.0 88.50 NOTE
r-devel-windows-x86_64 1.0 25.00 90.00 115.00 OK
r-patched-linux-x86_64 1.0 6.57 52.26 58.83 OK
r-release-linux-x86_64 1.0 5.49 51.16 56.65 OK
r-release-macos-arm64 1.0 25.00 NOTE
r-release-macos-x86_64 1.0 38.00 NOTE
r-release-windows-x86_64 1.0 41.00 80.00 121.00 OK
r-oldrel-macos-arm64 1.0 23.00 NOTE
r-oldrel-macos-x86_64 1.0 33.00 NOTE
r-oldrel-windows-ix86+x86_64 1.0 17.00 73.00 90.00 OK

Check Details

Version: 1.0
Check: dependencies in R code
Result: NOTE
    Namespaces in Imports field not imported from:
     ‘GenEst’ ‘expint’ ‘numDeriv’
     All declared Imports should be used.
Flavors: r-devel-linux-x86_64-fedora-clang, r-devel-linux-x86_64-fedora-gcc, r-release-macos-arm64, r-release-macos-x86_64, r-oldrel-macos-arm64, r-oldrel-macos-x86_64