CRAN Package Check Results for Package duckdb

Last updated on 2022-01-21 16:50:50 CET.

Flavor Version Tinstall Tcheck Ttotal Status Flags
r-devel-linux-x86_64-debian-clang 0.3.1-1 1796.73 57.30 1854.03 OK
r-devel-linux-x86_64-debian-gcc 0.3.1-1 1107.94 44.00 1151.94 OK
r-devel-linux-x86_64-fedora-clang 0.3.1-1 2710.32 NOTE
r-devel-linux-x86_64-fedora-gcc 0.3.1-1 2422.30 OK
r-devel-windows-x86_64-new-UL 0.3.1-1 5228.00 318.00 5546.00 NOTE
r-devel-windows-x86_64-new-TK 0.3.1-1 OK
r-patched-linux-x86_64 0.3.1-1 1325.64 55.38 1381.02 OK
r-release-linux-x86_64 0.3.1-1 1303.73 55.04 1358.77 OK
r-release-macos-arm64 0.3.1-1 NOTE
r-release-macos-x86_64 0.3.1-1 NOTE
r-release-windows-ix86+x86_64 0.3.1-1 2769.00 208.00 2977.00 NOTE
r-oldrel-macos-x86_64 0.3.1-1 NOTE
r-oldrel-windows-ix86+x86_64 0.3.1-1 2768.00 225.00 2993.00 NOTE

Check Details

Version: 0.3.1-1
Check: installed package size
Result: NOTE
     installed size is 194.0Mb
     sub-directories of 1Mb or more:
     libs 193.7Mb
Flavors: r-devel-linux-x86_64-fedora-clang, r-devel-windows-x86_64-new-UL, r-release-macos-arm64, r-release-macos-x86_64, r-release-windows-ix86+x86_64, r-oldrel-macos-x86_64, r-oldrel-windows-ix86+x86_64