Last updated on 2022-05-22 15:53:17 CEST.
Flavor | Version | Tinstall | Tcheck | Ttotal | Status | Flags |
---|---|---|---|---|---|---|
r-devel-linux-x86_64-debian-clang | 1.2.3 | 6.34 | 55.73 | 62.07 | NOTE | |
r-devel-linux-x86_64-debian-gcc | 1.2.3 | 6.40 | 42.14 | 48.54 | NOTE | |
r-devel-linux-x86_64-fedora-clang | 1.2.3 | 76.05 | NOTE | |||
r-devel-linux-x86_64-fedora-gcc | 1.2.3 | 75.11 | NOTE | |||
r-devel-windows-x86_64 | 1.2.3 | 30.00 | 76.00 | 106.00 | NOTE | |
r-patched-linux-x86_64 | 1.2.3 | 7.45 | 53.12 | 60.57 | NOTE | |
r-release-linux-x86_64 | 1.2.3 | 8.72 | 53.27 | 61.99 | NOTE | |
r-release-macos-arm64 | 1.2.3 | 22.00 | NOTE | |||
r-release-macos-x86_64 | 1.2.3 | 32.00 | NOTE | |||
r-release-windows-x86_64 | 1.2.3 | 33.00 | 75.00 | 108.00 | NOTE | |
r-oldrel-macos-arm64 | 1.2.3 | 29.00 | NOTE | |||
r-oldrel-macos-x86_64 | 1.2.3 | 46.00 | NOTE | |||
r-oldrel-windows-ix86+x86_64 | 1.2.3 | 14.00 | 65.00 | 79.00 | NOTE |
Version: 1.2.3
Check: LazyData
Result: NOTE
'LazyData' is specified without a 'data' directory
Flavors: r-devel-linux-x86_64-debian-clang, r-devel-linux-x86_64-debian-gcc, r-devel-linux-x86_64-fedora-clang, r-devel-linux-x86_64-fedora-gcc, r-devel-windows-x86_64, r-patched-linux-x86_64, r-release-linux-x86_64, r-release-macos-arm64, r-release-macos-x86_64, r-release-windows-x86_64, r-oldrel-macos-arm64, r-oldrel-macos-x86_64, r-oldrel-windows-ix86+x86_64