CRAN Package Check Results for Package drcte

Last updated on 2024-07-20 03:49:00 CEST.

Flavor Version Tinstall Tcheck Ttotal Status Flags
r-devel-linux-x86_64-debian-clang 1.0.30 24.47 145.03 169.50 OK
r-devel-linux-x86_64-debian-gcc 1.0.30 20.04 102.51 122.55 OK
r-devel-linux-x86_64-fedora-clang 1.0.30 224.48 OK
r-devel-linux-x86_64-fedora-gcc 1.0.30 214.93 OK
r-devel-windows-x86_64 1.0.30 21.00 108.00 129.00 NOTE
r-patched-linux-x86_64 1.0.30 31.76 133.99 165.75 OK
r-release-linux-x86_64 1.0.30 20.69 135.33 156.02 OK
r-release-macos-arm64 1.0.30 52.00 OK
r-release-macos-x86_64 1.0.30 79.00 OK
r-release-windows-x86_64 1.0.30 22.00 108.00 130.00 OK
r-oldrel-macos-arm64 1.0.30 51.00 OK
r-oldrel-macos-x86_64 1.0.30 101.00 OK
r-oldrel-windows-x86_64 1.0.30 28.00 133.00 161.00 OK

Check Details

Version: 1.0.30
Check: Rd cross-references
Result: NOTE Found the following Rd file(s) with Rd \link{} targets missing package anchors: ED.drcte.Rd: drm drmte.Rd: LL.4, LL.5, W1.4, getMeanFunctions, drmc drmteControl.Rd: drm Please provide package anchors for all Rd \link{} targets not in the package itself and the base packages. Flavor: r-devel-windows-x86_64