CRAN Package Check Results for Package dpseg

Last updated on 2022-06-24 15:52:33 CEST.

Flavor Version Tinstall Tcheck Ttotal Status Flags
r-devel-linux-x86_64-debian-clang 0.1.1 21.20 54.71 75.91 OK
r-devel-linux-x86_64-debian-gcc 0.1.1 20.90 42.11 63.01 OK
r-devel-linux-x86_64-fedora-clang 0.1.1 116.27 NOTE
r-devel-linux-x86_64-fedora-gcc 0.1.1 108.98 OK
r-devel-windows-x86_64 0.1.1 34.00 113.00 147.00 OK
r-patched-linux-x86_64 0.1.1 21.45 53.07 74.52 OK
r-release-linux-x86_64 0.1.1 20.86 52.61 73.47 OK
r-release-macos-arm64 0.1.1 34.00 OK
r-release-macos-x86_64 0.1.1 45.00 OK
r-release-windows-x86_64 0.1.1 32.00 120.00 152.00 OK
r-oldrel-macos-arm64 0.1.1 37.00 OK
r-oldrel-macos-x86_64 0.1.1 64.00 OK
r-oldrel-windows-ix86+x86_64 0.1.1 59.00 101.00 160.00 OK

Check Details

Version: 0.1.1
Check: Rd cross-references
Result: NOTE
    Undeclared package ‘RcppEigen’ in Rd xrefs
Flavor: r-devel-linux-x86_64-fedora-clang