CRAN Package Check Results for Package dotwhisker

Last updated on 2021-12-06 03:52:56 CET.

Flavor Version Tinstall Tcheck Ttotal Status Flags
r-devel-linux-x86_64-debian-clang 0.7.4 7.63 156.11 163.74 OK
r-devel-linux-x86_64-debian-gcc 0.7.4 4.74 117.02 121.76 OK
r-devel-linux-x86_64-fedora-clang 0.7.4 190.49 NOTE
r-devel-linux-x86_64-fedora-gcc 0.7.4 179.13 OK
r-devel-windows-x86_64-new-UL 0.7.4 19.00 203.00 222.00 OK
r-devel-windows-x86_64-new-TK 0.7.4 OK
r-devel-windows-x86_64-old 0.7.4 15.00 148.00 163.00 OK
r-patched-linux-x86_64 0.7.4 11.79 135.56 147.35 OK
r-release-linux-x86_64 0.7.4 6.77 142.97 149.74 OK
r-release-macos-arm64 0.7.4 OK
r-release-macos-x86_64 0.7.4 OK
r-release-windows-ix86+x86_64 0.7.4 24.00 178.00 202.00 OK
r-oldrel-macos-x86_64 0.7.4 OK
r-oldrel-windows-ix86+x86_64 0.7.4 25.00 174.00 199.00 OK

Check Details

Version: 0.7.4
Check: Rd cross-references
Result: NOTE
    Undeclared package ‘broomExtra’ in Rd xrefs
Flavor: r-devel-linux-x86_64-fedora-clang