CRAN Package Check Results for Package doolkit

Last updated on 2022-12-04 15:53:37 CET.

Flavor Version Tinstall Tcheck Ttotal Status Flags
r-devel-linux-x86_64-debian-clang 1.42.1 10.81 106.10 116.91 OK
r-devel-linux-x86_64-debian-gcc 1.42.1 8.32 74.79 83.11 OK
r-devel-linux-x86_64-fedora-clang 1.42.1 162.12 NOTE
r-devel-linux-x86_64-fedora-gcc 1.42.1 154.36 NOTE
r-devel-windows-x86_64 1.42.1 18.00 161.00 179.00 NOTE
r-patched-linux-x86_64 1.42.1 11.58 105.26 116.84 OK
r-release-linux-x86_64 1.42.1 12.21 103.19 115.40 OK
r-release-macos-arm64 1.42.1 222.00 NOTE
r-release-macos-x86_64 1.42.1 403.00 NOTE
r-release-windows-x86_64 1.42.1 44.00 166.00 210.00 NOTE
r-oldrel-macos-arm64 1.42.1 230.00 NOTE
r-oldrel-macos-x86_64 1.42.1 373.00 NOTE
r-oldrel-windows-ix86+x86_64 1.42.1 20.00 136.00 156.00 NOTE

Check Details

Version: 1.42.1
Check: installed package size
Result: NOTE
     installed size is 6.5Mb
     sub-directories of 1Mb or more:
     R 2.1Mb
     data 2.0Mb
     extdata 2.3Mb
Flavors: r-devel-linux-x86_64-fedora-clang, r-devel-windows-x86_64, r-release-macos-arm64, r-release-macos-x86_64, r-release-windows-x86_64, r-oldrel-macos-arm64, r-oldrel-macos-x86_64, r-oldrel-windows-ix86+x86_64

Version: 1.42.1
Check: dependencies in R code
Result: NOTE
    Namespace in Imports field not imported from: ‘usethis’
     All declared Imports should be used.
Flavors: r-devel-linux-x86_64-fedora-clang, r-devel-linux-x86_64-fedora-gcc, r-release-macos-arm64, r-release-macos-x86_64, r-oldrel-macos-arm64, r-oldrel-macos-x86_64