CRAN Package Check Results for Package document

Last updated on 2024-07-23 03:57:21 CEST.

Flavor Version Tinstall Tcheck Ttotal Status Flags
r-devel-linux-x86_64-debian-clang 4.0.0 2.86 61.22 64.08 OK
r-devel-linux-x86_64-debian-gcc 4.0.0 1.65 48.15 49.80 NOTE
r-devel-linux-x86_64-fedora-clang 4.0.0 84.03 OK
r-devel-linux-x86_64-fedora-gcc 4.0.0 95.53 OK
r-devel-windows-x86_64 4.0.0 4.00 139.00 143.00 NOTE
r-patched-linux-x86_64 4.0.0 6.69 60.64 67.33 OK
r-release-linux-x86_64 4.0.0 2.45 59.18 61.63 OK
r-release-macos-arm64 4.0.0 41.00 OK
r-release-macos-x86_64 4.0.0 76.00 OK
r-release-windows-x86_64 4.0.0 4.00 139.00 143.00 OK
r-oldrel-macos-arm64 4.0.0 38.00 OK
r-oldrel-macos-x86_64 4.0.0 116.00 OK
r-oldrel-windows-x86_64 4.0.0 5.00 123.00 128.00 OK

Check Details

Version: 4.0.0
Check: Rd cross-references
Result: NOTE Found the following Rd file(s) with Rd \link{} targets missing package anchors: checks.Rd: rcmdcheck Please provide package anchors for all Rd \link{} targets not in the package itself and the base packages. Flavors: r-devel-linux-x86_64-debian-gcc, r-devel-windows-x86_64