CRAN Package Check Results for Package doc2vec

Last updated on 2022-01-22 03:56:42 CET.

Flavor Version Tinstall Tcheck Ttotal Status Flags
r-devel-linux-x86_64-debian-clang 0.2.0 116.21 60.16 176.37 OK
r-devel-linux-x86_64-debian-gcc 0.2.0 82.36 46.92 129.28 OK
r-devel-linux-x86_64-fedora-clang 0.2.0 285.87 NOTE
r-devel-linux-x86_64-fedora-gcc 0.2.0 228.39 NOTE
r-devel-windows-x86_64-new-UL 0.2.0 115.00 110.00 225.00 NOTE
r-devel-windows-x86_64-new-TK 0.2.0 NOTE
r-patched-linux-x86_64 0.2.0 99.25 60.31 159.56 OK
r-release-linux-x86_64 0.2.0 99.06 60.41 159.47 OK
r-release-macos-arm64 0.2.0 NOTE
r-release-macos-x86_64 0.2.0 NOTE
r-release-windows-ix86+x86_64 0.2.0 269.00 140.00 409.00 NOTE
r-oldrel-macos-x86_64 0.2.0 NOTE
r-oldrel-windows-ix86+x86_64 0.2.0 269.00 126.00 395.00 NOTE

Check Details

Version: 0.2.0
Check: installed package size
Result: NOTE
     installed size is 7.2Mb
     sub-directories of 1Mb or more:
     data 4.8Mb
     libs 2.2Mb
Flavors: r-devel-linux-x86_64-fedora-clang, r-devel-windows-x86_64-new-UL, r-release-macos-arm64, r-release-macos-x86_64, r-release-windows-ix86+x86_64, r-oldrel-macos-x86_64, r-oldrel-windows-ix86+x86_64

Version: 0.2.0
Check: data for non-ASCII characters
Result: NOTE
     Note: found 9796 marked UTF-8 strings
Flavors: r-devel-linux-x86_64-fedora-clang, r-devel-linux-x86_64-fedora-gcc, r-devel-windows-x86_64-new-TK, r-release-macos-arm64, r-release-macos-x86_64, r-oldrel-macos-x86_64